Last updated on 2023-12-03 12:48:25 CET.
Flavor | Version | Tinstall | Tcheck | Ttotal | Status | Flags |
---|---|---|---|---|---|---|
r-devel-linux-x86_64-debian-clang | 0.1.1 | 108.64 | 27.08 | 135.72 | NOTE | |
r-devel-linux-x86_64-debian-gcc | 0.1.1 | 128.48 | 21.29 | 149.77 | NOTE | |
r-devel-linux-x86_64-fedora-clang | 0.1.1 | 240.63 | NOTE | |||
r-devel-linux-x86_64-fedora-gcc | 0.1.1 | 301.21 | NOTE | |||
r-devel-windows-x86_64 | 0.1.1 | 337.00 | 62.00 | 399.00 | NOTE | |
r-patched-linux-x86_64 | 0.1.1 | 128.84 | 27.25 | 156.09 | NOTE | |
r-release-linux-x86_64 | 0.1.1 | 155.15 | 26.70 | 181.85 | NOTE | |
r-release-macos-arm64 | 0.1.1 | 79.00 | NOTE | |||
r-release-macos-x86_64 | 0.1.1 | 96.00 | NOTE | |||
r-release-windows-x86_64 | 0.1.1 | 434.00 | 73.00 | 507.00 | NOTE | |
r-oldrel-macos-arm64 | 0.1.1 | 74.00 | OK | |||
r-oldrel-macos-x86_64 | 0.1.1 | 68.00 | OK | |||
r-oldrel-windows-x86_64 | 0.1.1 | 142.00 | 66.00 | 208.00 | OK |
Version: 0.1.1
Check: C++ specification
Result: NOTE
Specified C++11: please drop specification unless essential
Flavors: r-devel-linux-x86_64-debian-clang, r-devel-linux-x86_64-debian-gcc, r-devel-linux-x86_64-fedora-clang, r-devel-linux-x86_64-fedora-gcc, r-devel-windows-x86_64, r-patched-linux-x86_64, r-release-linux-x86_64, r-release-macos-arm64, r-release-macos-x86_64, r-release-windows-x86_64