Last updated on 2024-05-03 01:51:19 CEST.
Flavor | Version | Tinstall | Tcheck | Ttotal | Status | Flags |
---|---|---|---|---|---|---|
r-devel-linux-x86_64-debian-clang | 0.34 | 6.77 | 81.30 | 88.07 | NOTE | |
r-devel-linux-x86_64-debian-gcc | 0.34 | 7.08 | 59.38 | 66.46 | NOTE | |
r-devel-linux-x86_64-fedora-clang | 0.34 | 119.14 | NOTE | |||
r-devel-linux-x86_64-fedora-gcc | 0.34 | 118.12 | NOTE | |||
r-devel-windows-x86_64 | 0.34 | 10.00 | 72.00 | 82.00 | NOTE | |
r-patched-linux-x86_64 | 0.34 | 9.11 | 79.89 | 89.00 | NOTE | |
r-release-linux-x86_64 | 0.34 | 9.07 | 76.81 | 85.88 | NOTE | |
r-release-macos-arm64 | 0.34 | 30.00 | NOTE | |||
r-release-windows-x86_64 | 0.34 | 7.00 | 74.00 | 81.00 | NOTE | |
r-oldrel-macos-arm64 | 0.34 | 37.00 | OK | |||
r-oldrel-macos-x86_64 | 0.34 | 71.00 | OK | |||
r-oldrel-windows-x86_64 | 0.34 | 8.00 | 81.00 | 89.00 | OK |
Version: 0.34
Check: Rd files
Result: NOTE
checkRd: (-1) FSelector-package.Rd:14: Lost braces in \itemize; meant \describe ?
checkRd: (-1) FSelector-package.Rd:15: Lost braces in \itemize; meant \describe ?
checkRd: (-1) FSelector-package.Rd:16: Lost braces in \itemize; meant \describe ?
checkRd: (-1) FSelector-package.Rd:17: Lost braces in \itemize; meant \describe ?
checkRd: (-1) relief.Rd:21: Lost braces in \itemize; meant \describe ?
checkRd: (-1) relief.Rd:22: Lost braces in \itemize; meant \describe ?
Flavors: r-devel-linux-x86_64-debian-clang, r-devel-linux-x86_64-debian-gcc, r-devel-linux-x86_64-fedora-clang, r-devel-linux-x86_64-fedora-gcc, r-devel-windows-x86_64, r-patched-linux-x86_64, r-release-linux-x86_64, r-release-macos-arm64, r-release-windows-x86_64