CRAN Package Check Results for Package FSelector

Last updated on 2024-02-22 01:57:29 CET.

Flavor Version Tinstall Tcheck Ttotal Status Flags
r-devel-linux-x86_64-debian-clang 0.34 NOTE
r-devel-linux-x86_64-debian-gcc 0.34 5.48 59.24 64.72 NOTE
r-devel-linux-x86_64-fedora-clang 0.34 115.79 NOTE
r-devel-linux-x86_64-fedora-gcc 0.34 126.50 NOTE
r-devel-windows-x86_64 0.34 7.00 73.00 80.00 OK
r-patched-linux-x86_64 0.34 9.24 79.36 88.60 OK
r-release-linux-x86_64 0.34 7.97 78.36 86.33 OK
r-release-macos-arm64 0.34 37.00 OK
r-release-macos-x86_64 0.34 71.00 OK
r-release-windows-x86_64 0.34 7.00 84.00 91.00 OK
r-oldrel-macos-arm64 0.34 34.00 OK
r-oldrel-windows-x86_64 0.34 11.00 84.00 95.00 OK

Check Details

Version: 0.34
Check: Rd files
Result: NOTE checkRd: (-1) FSelector-package.Rd:14: Lost braces in \itemize; meant \describe ? checkRd: (-1) FSelector-package.Rd:15: Lost braces in \itemize; meant \describe ? checkRd: (-1) FSelector-package.Rd:16: Lost braces in \itemize; meant \describe ? checkRd: (-1) FSelector-package.Rd:17: Lost braces in \itemize; meant \describe ? checkRd: (-1) relief.Rd:21: Lost braces in \itemize; meant \describe ? checkRd: (-1) relief.Rd:22: Lost braces in \itemize; meant \describe ? Flavors: r-devel-linux-x86_64-debian-clang, r-devel-linux-x86_64-debian-gcc, r-devel-linux-x86_64-fedora-clang, r-devel-linux-x86_64-fedora-gcc