Last updated on 2024-08-16 00:48:20 CEST.
Flavor | Version | Tinstall | Tcheck | Ttotal | Status | Flags |
---|---|---|---|---|---|---|
r-devel-linux-x86_64-debian-clang | 1.4.2 | 27.09 | 303.28 | 330.37 | OK | |
r-devel-linux-x86_64-debian-gcc | 1.4.2 | 17.28 | 179.05 | 196.33 | OK | |
r-devel-linux-x86_64-fedora-clang | 1.4.2 | 520.23 | OK | |||
r-devel-linux-x86_64-fedora-gcc | 1.4.2 | 498.06 | OK | |||
r-devel-windows-x86_64 | 1.4.2 | 25.00 | 256.00 | 281.00 | OK | |
r-patched-linux-x86_64 | 1.4.2 | 24.19 | 264.70 | 288.89 | OK | |
r-release-linux-x86_64 | 1.4.2 | 26.66 | 271.15 | 297.81 | OK | |
r-release-macos-arm64 | 1.4.2 | 134.00 | NOTE | |||
r-release-macos-x86_64 | 1.4.2 | 407.00 | NOTE | |||
r-release-windows-x86_64 | 1.4.2 | 26.00 | 254.00 | 280.00 | OK | |
r-oldrel-macos-arm64 | 1.4.2 | 177.00 | NOTE | |||
r-oldrel-macos-x86_64 | 1.4.2 | 364.00 | NOTE | |||
r-oldrel-windows-x86_64 | 1.4.2 | 36.00 | 336.00 | 372.00 | OK |
Version: 1.4.2
Check: installed package size
Result: NOTE
installed size is 5.8Mb
sub-directories of 1Mb or more:
R 2.0Mb
doc 1.8Mb
help 1.1Mb
Flavors: r-release-macos-arm64, r-release-macos-x86_64, r-oldrel-macos-arm64, r-oldrel-macos-x86_64