Last updated on 2023-12-11 01:52:37 CET.
Flavor | Version | Tinstall | Tcheck | Ttotal | Status | Flags |
---|---|---|---|---|---|---|
r-devel-linux-x86_64-debian-clang | 0.2.5 | 169.62 | 59.34 | 228.96 | NOTE | |
r-devel-linux-x86_64-debian-gcc | 0.2.5 | 125.33 | 48.54 | 173.87 | NOTE | |
r-devel-linux-x86_64-fedora-clang | 0.2.5 | 298.73 | NOTE | |||
r-devel-linux-x86_64-fedora-gcc | 0.2.5 | 350.61 | NOTE | |||
r-devel-windows-x86_64 | 0.2.5 | 123.00 | 110.00 | 233.00 | OK | |
r-patched-linux-x86_64 | 0.2.5 | 148.40 | 61.98 | 210.38 | OK | |
r-release-linux-x86_64 | 0.2.5 | 152.20 | 63.11 | 215.31 | OK | |
r-release-macos-arm64 | 0.2.5 | 91.00 | NOTE | |||
r-release-macos-x86_64 | 0.2.5 | 136.00 | NOTE | |||
r-release-windows-x86_64 | 0.2.5 | 156.00 | 113.00 | 269.00 | OK | |
r-oldrel-macos-arm64 | 0.2.5 | 74.00 | NOTE | |||
r-oldrel-macos-x86_64 | 0.2.5 | 94.00 | NOTE | |||
r-oldrel-windows-x86_64 | 0.2.5 | 138.00 | 108.00 | 246.00 | OK |
Version: 0.2.5
Check: Rd files
Result: NOTE
checkRd: (-1) plot.Rd:5: Lost braces
5 | \title{Plot method for a fitted code{glmcat} model object}
| ^
checkRd: (-1) print.Rd:5: Lost braces
5 | \title{Print method for a fitted code{glmcat} model object}
| ^
Flavors: r-devel-linux-x86_64-debian-clang, r-devel-linux-x86_64-debian-gcc
Version: 0.2.5
Check: dependencies in R code
Result: NOTE
Namespace in Imports field not imported from: ‘ordinal’
All declared Imports should be used.
Flavors: r-devel-linux-x86_64-fedora-clang, r-devel-linux-x86_64-fedora-gcc, r-oldrel-macos-arm64, r-oldrel-macos-x86_64
Version: 0.2.5
Check: installed package size
Result: NOTE
installed size is 18.3Mb
sub-directories of 1Mb or more:
libs 18.0Mb
Flavors: r-release-macos-arm64, r-release-macos-x86_64, r-oldrel-macos-arm64, r-oldrel-macos-x86_64