CRAN Package Check Results for Package GNE

Last updated on 2024-04-18 01:55:17 CEST.

Flavor Version Tinstall Tcheck Ttotal Status Flags
r-devel-linux-x86_64-debian-clang 0.99-5 9.54 101.80 111.34 NOTE
r-devel-linux-x86_64-debian-gcc 0.99-5 9.44 74.04 83.48 NOTE
r-devel-linux-x86_64-fedora-clang 0.99-5 141.44 NOTE
r-devel-linux-x86_64-fedora-gcc 0.99-5 145.82 NOTE
r-prerel-macos-arm64 0.99-5 43.00 NOTE
r-prerel-windows-x86_64 0.99-5 12.00 101.00 113.00 NOTE
r-patched-linux-x86_64 0.99-5 13.54 96.38 109.92 NOTE
r-release-linux-x86_64 0.99-5 12.47 95.62 108.09 OK
r-release-macos-arm64 0.99-5 48.00 OK
r-release-macos-x86_64 0.99-5 76.00 OK
r-release-windows-x86_64 0.99-5 12.00 115.00 127.00 OK
r-oldrel-macos-arm64 0.99-5 41.00 OK
r-oldrel-windows-x86_64 0.99-5 17.00 121.00 138.00 OK

Check Details

Version: 0.99-5
Check: Rd files
Result: NOTE checkRd: (-1) GNE.ceq.Rd:50: Lost braces 50 | (KKT) system denoted by \eqn{H(z)=0}, for \eqn{z \in \Omega} where eqn{z} is formed by the players strategy | ^ checkRd: (-1) GNE.nseq.Rd:76: Lost braces 76 | (KKT) system denoted by \eqn{\Phi(z)=0}{Phi(z)=0}, where eqn{z} is formed by the players strategy | ^ Flavors: r-devel-linux-x86_64-debian-clang, r-devel-linux-x86_64-debian-gcc, r-devel-linux-x86_64-fedora-clang, r-devel-linux-x86_64-fedora-gcc, r-prerel-macos-arm64, r-prerel-windows-x86_64, r-patched-linux-x86_64