Last updated on 2023-12-10 12:50:55 CET.
Flavor | Version | Tinstall | Tcheck | Ttotal | Status | Flags |
---|---|---|---|---|---|---|
r-devel-linux-x86_64-debian-clang | 1.1.7 | 38.78 | 147.88 | 186.66 | NOTE | --no-vignettes |
r-devel-linux-x86_64-debian-gcc | 1.1.7 | 33.33 | 110.81 | 144.14 | NOTE | --no-vignettes |
r-devel-linux-x86_64-fedora-clang | 1.1.7 | 273.41 | ERROR | |||
r-devel-linux-x86_64-fedora-gcc | 1.1.7 | 1990.53 | OK | |||
r-devel-windows-x86_64 | 1.1.7 | 36.00 | 158.00 | 194.00 | OK | --no-vignettes |
r-patched-linux-x86_64 | 1.1.7 | 34.78 | 147.29 | 182.07 | OK | --no-vignettes |
r-release-linux-x86_64 | 1.1.7 | 30.98 | 144.66 | 175.64 | OK | --no-vignettes |
r-release-macos-arm64 | 1.1.7 | 480.00 | OK | |||
r-release-macos-x86_64 | 1.1.7 | 920.00 | OK | |||
r-release-windows-x86_64 | 1.1.7 | 46.00 | 177.00 | 223.00 | OK | --no-vignettes |
r-oldrel-macos-arm64 | 1.1.7 | 385.00 | OK | |||
r-oldrel-macos-x86_64 | 1.1.7 | 950.00 | OK | |||
r-oldrel-windows-x86_64 | 1.1.7 | 43.00 | 187.00 | 230.00 | OK | --no-vignettes |
Version: 1.1.7
Flags: --no-vignettes
Check: Rd files
Result: NOTE
checkRd: (-1) CPF.Rd:48-49: Lost braces in \itemize; \value handles \item{}{} directly
checkRd: (-1) CPF.Rd:50: Lost braces in \itemize; \value handles \item{}{} directly
checkRd: (-1) CPF.Rd:51: Lost braces in \itemize; \value handles \item{}{} directly
checkRd: (-1) CPF.Rd:52-53: Lost braces in \itemize; \value handles \item{}{} directly
checkRd: (-1) CPF.Rd:54: Lost braces in \itemize; \value handles \item{}{} directly
checkRd: (-1) CPF.Rd:55: Lost braces in \itemize; \value handles \item{}{} directly
checkRd: (-1) CPF.Rd:56: Lost braces in \itemize; \value handles \item{}{} directly
checkRd: (-1) CPF.Rd:57: Lost braces in \itemize; \value handles \item{}{} directly
checkRd: (-1) GParetoptim.Rd:73: Lost braces in \itemize; \value handles \item{}{} directly
checkRd: (-1) GParetoptim.Rd:74: Lost braces in \itemize; \value handles \item{}{} directly
checkRd: (-1) GParetoptim.Rd:75: Lost braces in \itemize; \value handles \item{}{} directly
checkRd: (-1) GParetoptim.Rd:76: Lost braces in \itemize; \value handles \item{}{} directly
checkRd: (-1) GParetoptim.Rd:77: Lost braces in \itemize; \value handles \item{}{} directly
checkRd: (-1) crit_optimizer.Rd:61: Lost braces in \itemize; \value handles \item{}{} directly
checkRd: (-1) crit_optimizer.Rd:62: Lost braces in \itemize; \value handles \item{}{} directly
checkRd: (-1) easyGParetoptim.Rd:70-71: Lost braces
70 | \item \code{method}{: choice of multiobjective improvement function: "\code{SMS}", "\code{EHI}", "\code{EMI}" or "\code{SUR}"
| ^
checkRd: (-1) easyGParetoptim.Rd:72-73: Lost braces
72 | \item \code{trace}{: if positive, tracing information on the progress of the optimization is produced (\code{1} (default) for general progress,
| ^
checkRd: (-1) easyGParetoptim.Rd:74-75: Lost braces
74 | \item \code{inneroptim}{: choice of the inner optimization algorithm: "\code{genoud}", "\code{pso}" or "\code{random}"
| ^
checkRd: (-1) easyGParetoptim.Rd:76: Lost braces
76 | \item \code{maxit}{: maximum number of iterations of the inner loop,}
| ^
checkRd: (-1) easyGParetoptim.Rd:77: Lost braces
77 | \item \code{seed}{: to fix the random variable generator,}
| ^
checkRd: (-1) easyGParetoptim.Rd:78: Lost braces
78 | \item \code{refPoint}{: reference point for hypervolume computations (for "\code{SMS}" and "\code{EHI}" methods),}
| ^
checkRd: (-1) easyGParetoptim.Rd:79-81: Lost braces
79 | \item \code{extendper}{: if no reference point \code{refPoint} is provided,
| ^
checkRd: (-1) easyGParetoptim.Rd:51: Lost braces in \itemize; \value handles \item{}{} directly
checkRd: (-1) easyGParetoptim.Rd:52: Lost braces in \itemize; \value handles \item{}{} directly
checkRd: (-1) easyGParetoptim.Rd:53: Lost braces in \itemize; \value handles \item{}{} directly
checkRd: (-1) easyGParetoptim.Rd:54: Lost braces in \itemize; \value handles \item{}{} directly
checkRd: (-1) integration_design_optim.Rd:37: Lost braces in \itemize; \value handles \item{}{} directly
checkRd: (-1) integration_design_optim.Rd:38-39: Lost braces in \itemize; \value handles \item{}{} directly
Flavors: r-devel-linux-x86_64-debian-clang, r-devel-linux-x86_64-debian-gcc
Version: 1.1.7
Check: re-building of vignette outputs
Result: ERROR
Error(s) in re-building vignettes:
--- re-building ‘GPareto_vignette.Rnw’ using knitr
Flavor: r-devel-linux-x86_64-fedora-clang