Last updated on 2024-08-16 00:48:21 CEST.
Flavor | Version | Tinstall | Tcheck | Ttotal | Status | Flags |
---|---|---|---|---|---|---|
r-devel-linux-x86_64-debian-clang | 1.0.6 | 13.67 | 79.36 | 93.03 | OK | |
r-devel-linux-x86_64-debian-gcc | 1.0.6 | 10.42 | 59.61 | 70.03 | OK | |
r-devel-linux-x86_64-fedora-clang | 1.0.6 | 148.73 | OK | |||
r-devel-linux-x86_64-fedora-gcc | 1.0.6 | 161.11 | OK | |||
r-devel-windows-x86_64 | 1.0.6 | 28.00 | 301.00 | 329.00 | OK | |
r-patched-linux-x86_64 | 1.0.6 | 12.79 | 75.82 | 88.61 | OK | |
r-release-linux-x86_64 | 1.0.6 | 13.01 | 75.52 | 88.53 | OK | |
r-release-macos-arm64 | 1.0.6 | 74.00 | OK | |||
r-release-macos-x86_64 | 1.0.6 | 176.00 | OK | |||
r-release-windows-x86_64 | 1.0.6 | 27.00 | 301.00 | 328.00 | OK | |
r-oldrel-macos-arm64 | 1.0.6 | 71.00 | ERROR | |||
r-oldrel-macos-x86_64 | 1.0.6 | 156.00 | ERROR | |||
r-oldrel-windows-x86_64 | 1.0.6 | 31.00 | 246.00 | 277.00 | OK |
Version: 1.0.6
Check: running R code from vignettes
Result: ERROR
Errors in running code in vignettes:
when running code in ‘GaSP_vignette.Rmd’
...
> borehole_fit <- Fit(x = x, y = y, reg_model = ~1 +
+ a, sp_model = ~1 + r, random_error = FALSE)
Warning: intercept term in 'sp_model' will not be used.
When sourcing ‘GaSP_vignette.R’:
Error:
1: components of 'reg_model' terms must be column names in 'x'.
Execution halted
‘GaSP_vignette.Rmd’ using ‘UTF-8’... failed
Flavors: r-oldrel-macos-arm64, r-oldrel-macos-x86_64