CRAN Package Check Results for Package GpGp

Last updated on 2024-02-27 01:50:05 CET.

Flavor Version Tinstall Tcheck Ttotal Status Flags
r-devel-linux-x86_64-debian-clang 0.5.0 83.20 91.48 174.68 OK
r-devel-linux-x86_64-debian-gcc 0.5.0 65.38 58.96 124.34 OK
r-devel-linux-x86_64-fedora-clang 0.5.0 213.58 OK
r-devel-linux-x86_64-fedora-gcc 0.5.0 227.96 OK
r-devel-windows-x86_64 0.5.0 59.00 136.00 195.00 OK
r-patched-linux-x86_64 0.5.0 75.26 76.24 151.50 OK
r-release-linux-x86_64 0.5.0 74.99 76.19 151.18 OK
r-release-macos-arm64 0.5.0 69.00 NOTE
r-release-macos-x86_64 0.5.0 144.00 NOTE
r-release-windows-x86_64 0.5.0 74.00 129.00 203.00 OK
r-oldrel-macos-arm64 0.5.0 54.00 NOTE
r-oldrel-windows-x86_64 0.5.0 70.00 113.00 183.00 OK

Check Details

Version: 0.5.0
Check: installed package size
Result: NOTE installed size is 7.9Mb sub-directories of 1Mb or more: data 1.4Mb libs 6.1Mb Flavors: r-release-macos-arm64, r-release-macos-x86_64, r-oldrel-macos-arm64