Last updated on 2023-12-08 13:50:01 CET.
Flavor | Version | Tinstall | Tcheck | Ttotal | Status | Flags |
---|---|---|---|---|---|---|
r-devel-linux-x86_64-debian-clang | 1.5.6.1 | 45.44 | 110.08 | 155.52 | NOTE | |
r-devel-linux-x86_64-debian-gcc | 1.5.6.1 | 26.58 | 81.09 | 107.67 | NOTE | |
r-devel-linux-x86_64-fedora-clang | 1.5.6.1 | 204.55 | OK | |||
r-devel-linux-x86_64-fedora-gcc | 1.5.6.1 | 189.34 | OK | |||
r-devel-windows-x86_64 | 1.5.6.1 | 36.00 | 120.00 | 156.00 | OK | |
r-patched-linux-x86_64 | 1.5.6.1 | 30.18 | 105.87 | 136.05 | OK | |
r-release-linux-x86_64 | 1.5.6.1 | 26.26 | 102.95 | 129.21 | OK | |
r-release-macos-arm64 | 1.5.6.1 | 49.00 | OK | |||
r-release-macos-x86_64 | 1.5.6.1 | 93.00 | OK | |||
r-release-windows-x86_64 | 1.5.6.1 | 47.00 | 143.00 | 190.00 | OK | |
r-oldrel-macos-arm64 | 1.5.6.1 | 52.00 | OK | |||
r-oldrel-macos-x86_64 | 1.5.6.1 | 95.00 | OK | |||
r-oldrel-windows-x86_64 | 1.5.6.1 | 42.00 | 130.00 | 172.00 | OK |
Version: 1.5.6.1
Check: Rd files
Result: NOTE
checkRd: (-1) greedy_orthogonalization_curation.Rd:10: Lost braces; missing escapes or markup?
10 | \item{W}{A matrix in ${-1, 1}^{R x n}$ which have R allocation vectors for an experiment of sample size n.}
| ^
checkRd: (-1) greedy_orthogonalization_curation.Rd:10: Lost braces; missing escapes or markup?
10 | \item{W}{A matrix in ${-1, 1}^{R x n}$ which have R allocation vectors for an experiment of sample size n.}
| ^
checkRd: (-1) greedy_orthogonalization_curation2.Rd:10: Lost braces; missing escapes or markup?
10 | \item{W}{A matrix in ${-1, 1}^{R x n}$ which have R allocation vectors for an experiment of sample size n.}
| ^
checkRd: (-1) greedy_orthogonalization_curation2.Rd:10: Lost braces; missing escapes or markup?
10 | \item{W}{A matrix in ${-1, 1}^{R x n}$ which have R allocation vectors for an experiment of sample size n.}
| ^
checkRd: (-1) initBinaryMatchExperimentalDesignSearch.Rd:36: Lost braces; missing escapes or markup?
36 | a search through $1_{T}$ space for pairwise match designs based on the structure computed in the function \code{computeBinaryMatchStructure}.
| ^
checkRd: (-1) initGreedyExperimentalDesignObject.Rd:71: Lost braces; missing escapes or markup?
71 | a search through $1_{T}$ space for forced balance designs. For debugging, you can use set the \code{seed}
| ^
checkRd: (-1) initGreedyMultipleKernelExperimentalDesignObject.Rd:82: Lost braces; missing escapes or markup?
82 | a search through $1_{T}$ space for forced balance designs. For debugging, you can use set the \code{seed}
| ^
checkRd: (-1) initKarpExperimentalDesignObject.Rd:31: Lost braces; missing escapes or markup?
31 | a search through $1_{T}$ space. Note that the Karp search only works
| ^
checkRd: (-1) initOptimalExperimentalDesignObject.Rd:39: Lost braces; missing escapes or markup?
39 | a search through $1_{T}$ space. Since this search takes exponential time, for most machines,
| ^
checkRd: (-1) initRerandomizationExperimentalDesignObject.Rd:53: Lost braces; missing escapes or markup?
53 | a search through $1_{T}$ space for forced-balance designs. For debugging, you can use set the \code{seed}
| ^
Flavors: r-devel-linux-x86_64-debian-clang, r-devel-linux-x86_64-debian-gcc