Last updated on 2023-12-03 01:57:47 CET.
Flavor | Version | Tinstall | Tcheck | Ttotal | Status | Flags |
---|---|---|---|---|---|---|
r-devel-linux-x86_64-debian-clang | 0.0.5 | 29.57 | 266.03 | 295.60 | OK | |
r-devel-linux-x86_64-debian-gcc | 0.0.5 | 26.56 | 195.09 | 221.65 | OK | |
r-devel-linux-x86_64-fedora-clang | 0.0.5 | 376.92 | OK | |||
r-devel-linux-x86_64-fedora-gcc | 0.0.5 | 354.55 | OK | |||
r-devel-windows-x86_64 | 0.0.5 | 6.00 | 5.00 | 11.00 | ERROR | |
r-patched-linux-x86_64 | 0.0.5 | 22.04 | 250.82 | 272.86 | OK | |
r-release-linux-x86_64 | 0.0.5 | 21.34 | 251.29 | 272.63 | OK | |
r-release-macos-arm64 | 0.0.5 | 5.00 | ERROR | |||
r-release-macos-x86_64 | 0.0.5 | 164.00 | OK | |||
r-release-windows-x86_64 | 0.0.5 | 8.00 | 5.00 | 13.00 | ERROR | |
r-oldrel-macos-arm64 | 0.0.5 | 89.00 | OK | |||
r-oldrel-macos-x86_64 | 0.0.5 | 125.00 | OK | |||
r-oldrel-windows-x86_64 | 0.0.5 | 36.00 | 226.00 | 262.00 | OK |
Version: 0.0.5
Check: whether package can be installed
Result: ERROR
Installation failed.
Flavors: r-devel-windows-x86_64, r-release-windows-x86_64
Version: 0.0.5
Check: package dependencies
Result: ERROR
Package required but not available: ‘DOSE’
See section ‘The DESCRIPTION file’ in the ‘Writing R Extensions’
manual.
Flavor: r-release-macos-arm64