Last updated on 2023-11-29 01:49:23 CET.
Flavor | Version | Tinstall | Tcheck | Ttotal | Status | Flags |
---|---|---|---|---|---|---|
r-devel-linux-x86_64-debian-clang | 1.1 | 142.66 | 34.40 | 177.06 | NOTE | |
r-devel-linux-x86_64-debian-gcc | 1.1 | 95.35 | 27.20 | 122.55 | NOTE | |
r-devel-linux-x86_64-fedora-clang | 1.1 | 269.03 | NOTE | |||
r-devel-linux-x86_64-fedora-gcc | 1.1 | 258.51 | NOTE | |||
r-devel-windows-x86_64 | 1.1 | 98.00 | 71.00 | 169.00 | NOTE | |
r-patched-linux-x86_64 | 1.1 | 115.45 | 34.27 | 149.72 | NOTE | |
r-release-linux-x86_64 | 1.1 | 118.06 | 33.64 | 151.70 | NOTE | |
r-release-macos-arm64 | 1.1 | 59.00 | NOTE | |||
r-release-macos-x86_64 | 1.1 | 101.00 | NOTE | |||
r-release-windows-x86_64 | 1.1 | 133.00 | 75.00 | 208.00 | NOTE | |
r-oldrel-macos-arm64 | 1.1 | 54.00 | NOTE | |||
r-oldrel-macos-x86_64 | 1.1 | 71.00 | NOTE | |||
r-oldrel-windows-x86_64 | 1.1 | 129.00 | 74.00 | 203.00 | NOTE |
Version: 1.1
Check: C++ specification
Result: NOTE
Specified C++11: please drop specification unless essential
Flavors: r-devel-linux-x86_64-debian-clang, r-devel-linux-x86_64-debian-gcc, r-devel-linux-x86_64-fedora-clang, r-devel-linux-x86_64-fedora-gcc, r-devel-windows-x86_64, r-patched-linux-x86_64, r-release-linux-x86_64, r-release-macos-arm64, r-release-macos-x86_64, r-release-windows-x86_64
Version: 1.1
Check: installed package size
Result: NOTE
installed size is 5.1Mb
sub-directories of 1Mb or more:
data 3.5Mb
libs 1.3Mb
Flavors: r-devel-windows-x86_64, r-release-macos-arm64, r-release-macos-x86_64, r-release-windows-x86_64, r-oldrel-macos-arm64, r-oldrel-macos-x86_64, r-oldrel-windows-x86_64