Last updated on 2024-08-16 00:48:22 CEST.
Flavor | Version | Tinstall | Tcheck | Ttotal | Status | Flags |
---|---|---|---|---|---|---|
r-devel-linux-x86_64-debian-clang | 1.2.4 | 3.26 | 108.23 | 111.49 | OK | |
r-devel-linux-x86_64-debian-gcc | 1.2.4 | 2.49 | 79.43 | 81.92 | OK | |
r-devel-linux-x86_64-fedora-clang | 1.2.4 | 174.12 | NOTE | |||
r-devel-linux-x86_64-fedora-gcc | 1.2.4 | 180.43 | NOTE | |||
r-devel-windows-x86_64 | 1.2.4 | 5.00 | 148.00 | 153.00 | OK | |
r-patched-linux-x86_64 | 1.2.4 | 4.12 | 101.53 | 105.65 | OK | |
r-release-linux-x86_64 | 1.2.4 | 3.53 | 103.95 | 107.48 | OK | |
r-release-macos-arm64 | 1.2.4 | 61.00 | OK | |||
r-release-macos-x86_64 | 1.2.4 | 90.00 | OK | |||
r-release-windows-x86_64 | 1.2.4 | 5.00 | 147.00 | 152.00 | OK | |
r-oldrel-macos-arm64 | 1.2.4 | 67.00 | OK | |||
r-oldrel-macos-x86_64 | 1.2.4 | 174.00 | OK | |||
r-oldrel-windows-x86_64 | 1.2.4 | 6.00 | 173.00 | 179.00 | OK |
Version: 1.2.4
Check: dependencies in R code
Result: NOTE
Namespaces in Imports field not imported from:
‘recipes’ ‘tune’
All declared Imports should be used.
Flavors: r-devel-linux-x86_64-fedora-clang, r-devel-linux-x86_64-fedora-gcc