CRAN Package Check Results for Package HiCseg

Last updated on 2024-02-21 13:48:31 CET.

Flavor Version Tinstall Tcheck Ttotal Status Flags
r-devel-linux-x86_64-debian-clang 1.1 NOTE
r-devel-linux-x86_64-debian-gcc 1.1 3.06 23.10 26.16 NOTE
r-devel-linux-x86_64-fedora-clang 1.1 41.74 NOTE
r-devel-linux-x86_64-fedora-gcc 1.1 51.74 NOTE
r-devel-windows-x86_64 1.1 5.00 61.00 66.00 NOTE
r-patched-linux-x86_64 1.1 3.84 28.31 32.15 OK
r-release-linux-x86_64 1.1 3.20 28.70 31.90 OK
r-release-macos-arm64 1.1 24.00 OK
r-release-macos-x86_64 1.1 36.00 OK
r-release-windows-x86_64 1.1 5.00 58.00 63.00 OK
r-oldrel-macos-arm64 1.1 23.00 OK
r-oldrel-windows-x86_64 1.1 8.00 75.00 83.00 OK

Check Details

Version: 1.1
Check: package vignettes
Result: NOTE Package vignette without corresponding tangle output: ‘HiCseg.Rnw’ Flavors: r-devel-linux-x86_64-debian-clang, r-devel-linux-x86_64-debian-gcc, r-devel-linux-x86_64-fedora-clang, r-devel-linux-x86_64-fedora-gcc, r-devel-windows-x86_64

Version: 1.1
Check: compiled code
Result: NOTE File ‘HiCseg/libs/HiCseg.so’: Found no calls to: ‘R_registerRoutines’, ‘R_useDynamicSymbols’ It is good practice to register native routines and to disable symbol search. See ‘Writing portable packages’ in the ‘Writing R Extensions’ manual. Flavors: r-devel-linux-x86_64-fedora-clang, r-devel-linux-x86_64-fedora-gcc