CRAN Package Check Results for Package Hmsc

Last updated on 2023-12-05 13:49:36 CET.

Flavor Version Tinstall Tcheck Ttotal Status Flags
r-devel-linux-x86_64-debian-clang 3.0-13 23.94 205.93 229.87 NOTE
r-devel-linux-x86_64-debian-gcc 3.0-13 19.59 151.35 170.94 NOTE
r-devel-linux-x86_64-fedora-clang 3.0-13 285.84 OK
r-devel-linux-x86_64-fedora-gcc 3.0-13 289.37 OK
r-devel-windows-x86_64 3.0-13 23.00 150.00 173.00 OK
r-patched-linux-x86_64 3.0-13 24.74 194.97 219.71 OK
r-release-linux-x86_64 3.0-13 22.57 192.67 215.24 OK
r-release-macos-arm64 3.0-13 82.00 OK
r-release-macos-x86_64 3.0-13 141.00 OK
r-release-windows-x86_64 3.0-13 30.00 191.00 221.00 OK
r-oldrel-macos-arm64 3.0-13 72.00 OK
r-oldrel-macos-x86_64 3.0-13 107.00 OK
r-oldrel-windows-x86_64 3.0-13 31.00 188.00 219.00 OK

Check Details

Version: 3.0-13
Check: Rd files
Result: NOTE checkRd: (-1) sampleMcmc.Rd:93: Lost braces; missing escapes or markup? 93 | disable some of them, by adding a \code{$UPDATER_NAME=FALSE} pair to the {updater} argument. Another usage of | ^ Flavors: r-devel-linux-x86_64-debian-clang, r-devel-linux-x86_64-debian-gcc