CRAN Package Check Results for Package IBMPopSim

Last updated on 2024-02-25 01:49:01 CET.

Flavor Version Tinstall Tcheck Ttotal Status Flags
r-devel-linux-x86_64-debian-clang 1.0.0 34.79 114.71 149.50 OK
r-devel-linux-x86_64-debian-gcc 1.0.0 25.06 88.71 113.77 OK
r-devel-linux-x86_64-fedora-clang 1.0.0 186.75 OK
r-devel-linux-x86_64-fedora-gcc 1.0.0 205.94 OK
r-devel-windows-x86_64 1.0.0 24.00 183.00 207.00 NOTE
r-patched-linux-x86_64 1.0.0 29.45 110.69 140.14 OK
r-release-linux-x86_64 1.0.0 19.42 111.04 130.46 OK
r-release-macos-arm64 1.0.0 82.00 NOTE
r-release-macos-x86_64 1.0.0 155.00 NOTE
r-release-windows-x86_64 1.0.0 33.00 201.00 234.00 NOTE
r-oldrel-macos-arm64 1.0.0 74.00 NOTE
r-oldrel-windows-x86_64 1.0.0 31.00 199.00 230.00 NOTE

Check Details

Version: 1.0.0
Check: installed package size
Result: NOTE installed size is 5.1Mb sub-directories of 1Mb or more: data 2.1Mb doc 1.6Mb libs 1.0Mb Flavors: r-devel-windows-x86_64, r-release-macos-arm64, r-release-macos-x86_64, r-release-windows-x86_64, r-oldrel-macos-arm64, r-oldrel-windows-x86_64