Last updated on 2024-08-31 12:49:13 CEST.
Flavor | Version | Tinstall | Tcheck | Ttotal | Status | Flags |
---|---|---|---|---|---|---|
r-devel-linux-x86_64-debian-clang | 0.3.4 | 14.78 | 81.93 | 96.71 | OK | |
r-devel-linux-x86_64-debian-gcc | 0.3.4 | 11.11 | 56.67 | 67.78 | OK | |
r-devel-linux-x86_64-fedora-clang | 0.3.4 | 147.99 | NOTE | |||
r-devel-linux-x86_64-fedora-gcc | 0.3.4 | 135.41 | OK | |||
r-devel-windows-x86_64 | 0.3.4 | 17.00 | 87.00 | 104.00 | OK | |
r-patched-linux-x86_64 | 0.3.4 | 13.68 | 73.78 | 87.46 | OK | |
r-release-linux-x86_64 | 0.3.4 | 15.24 | 74.62 | 89.86 | OK | |
r-release-macos-arm64 | 0.3.4 | 42.00 | OK | |||
r-release-macos-x86_64 | 0.3.4 | 67.00 | OK | |||
r-release-windows-x86_64 | 0.3.4 | 17.00 | 94.00 | 111.00 | OK | |
r-oldrel-macos-arm64 | 0.3.4 | 47.00 | OK | |||
r-oldrel-macos-x86_64 | 0.3.4 | 76.00 | OK | |||
r-oldrel-windows-x86_64 | 0.3.4 | 23.00 | 103.00 | 126.00 | OK |
Version: 0.3.4
Check: package dependencies
Result: NOTE
Imports includes 31 non-default packages.
Importing from so many packages makes the package vulnerable to any of
them becoming unavailable. Move as many as possible to Suggests and
use conditionally.
Flavor: r-devel-linux-x86_64-fedora-clang