Last updated on 2025-01-08 00:48:38 CET.
Flavor | Version | Tinstall | Tcheck | Ttotal | Status | Flags |
---|---|---|---|---|---|---|
r-devel-linux-x86_64-debian-clang | 0.1.8.10 | ERROR | ||||
r-devel-linux-x86_64-debian-gcc | 0.1.8.10 | 24.29 | 78.53 | 102.82 | OK | |
r-devel-linux-x86_64-fedora-clang | 0.1.8.10 | 245.65 | OK | |||
r-devel-linux-x86_64-fedora-gcc | 0.1.8.10 | 237.21 | OK | |||
r-devel-windows-x86_64 | 0.1.8.10 | 37.00 | 167.00 | 204.00 | OK | |
r-patched-linux-x86_64 | 0.1.8.10 | 34.48 | 106.13 | 140.61 | OK | |
r-release-linux-x86_64 | 0.1.8.10 | 34.51 | 107.24 | 141.75 | OK | |
r-release-macos-arm64 | 0.1.8.10 | 75.00 | NOTE | |||
r-release-macos-x86_64 | 0.1.8.10 | 108.00 | NOTE | |||
r-release-windows-x86_64 | 0.1.8.10 | 40.00 | 161.00 | 201.00 | OK | |
r-oldrel-macos-arm64 | 0.1.8.10 | 85.00 | NOTE | |||
r-oldrel-macos-x86_64 | 0.1.8.10 | 157.00 | NOTE | |||
r-oldrel-windows-x86_64 | 0.1.8.10 | 47.00 | 207.00 | 254.00 | OK |
Version: 0.1.8.10
Check: package dependencies
Result: ERROR
Package required but not available: ‘eaf’
Package suggested but not available for checking: ‘ComplexHeatmap’
See section ‘The DESCRIPTION file’ in the ‘Writing R Extensions’
manual.
Flavor: r-devel-linux-x86_64-debian-clang
Version: 0.1.8.10
Check: installed package size
Result: NOTE
installed size is 5.1Mb
sub-directories of 1Mb or more:
data 1.4Mb
libs 1.8Mb
shiny-server 1.0Mb
Flavors: r-release-macos-arm64, r-release-macos-x86_64, r-oldrel-macos-arm64, r-oldrel-macos-x86_64