CRAN Package Check Results for Package IPCAPS

Last updated on 2024-03-03 13:54:17 CET.

Flavor Version Tinstall Tcheck Ttotal Status Flags
r-devel-linux-x86_64-debian-clang 1.1.8 16.54 193.47 210.01 OK
r-devel-linux-x86_64-debian-gcc 1.1.8 12.22 142.96 155.18 OK
r-devel-linux-x86_64-fedora-clang 1.1.8 253.75 NOTE
r-devel-linux-x86_64-fedora-gcc 1.1.8 246.87 NOTE
r-devel-windows-x86_64 1.1.8 14.00 148.00 162.00 OK
r-patched-linux-x86_64 1.1.8 13.72 192.45 206.17 OK
r-release-linux-x86_64 1.1.8 15.48 187.76 203.24 OK
r-release-macos-arm64 1.1.8 72.00 OK
r-release-macos-x86_64 1.1.8 126.00 OK
r-release-windows-x86_64 1.1.8 17.00 186.00 203.00 OK
r-oldrel-macos-arm64 1.1.8 68.00 OK
r-oldrel-windows-x86_64 1.1.8 16.00 180.00 196.00 OK

Check Details

Version: 1.1.8
Check: dependencies in R code
Result: NOTE Namespaces in Imports field not imported from: ‘Matrix’ ‘expm’ All declared Imports should be used. Flavors: r-devel-linux-x86_64-fedora-clang, r-devel-linux-x86_64-fedora-gcc