Last updated on 2024-05-21 13:52:42 CEST.
Flavor | Version | Tinstall | Tcheck | Ttotal | Status | Flags |
---|---|---|---|---|---|---|
r-devel-linux-x86_64-debian-clang | 1.2 | 9.71 | 79.63 | 89.34 | NOTE | |
r-devel-linux-x86_64-debian-gcc | 1.2 | 7.36 | 59.51 | 66.87 | NOTE | |
r-devel-linux-x86_64-fedora-clang | 1.2 | 107.95 | NOTE | |||
r-devel-linux-x86_64-fedora-gcc | 1.2 | 104.11 | NOTE | |||
r-devel-windows-x86_64 | 1.2 | 9.00 | 72.00 | 81.00 | NOTE | |
r-patched-linux-x86_64 | 1.2 | 7.43 | 75.21 | 82.64 | NOTE | |
r-release-linux-x86_64 | 1.2 | 9.18 | 77.36 | 86.54 | NOTE | |
r-release-macos-arm64 | 1.2 | 33.00 | NOTE | |||
r-release-windows-x86_64 | 1.2 | 10.00 | 73.00 | 83.00 | NOTE | |
r-oldrel-macos-arm64 | 1.2 | 36.00 | NOTE | |||
r-oldrel-macos-x86_64 | 1.2 | 63.00 | NOTE | |||
r-oldrel-windows-x86_64 | 1.2 | 11.00 | 84.00 | 95.00 | NOTE |
Version: 1.2
Check: LazyData
Result: NOTE
'LazyData' is specified without a 'data' directory
Flavors: r-devel-linux-x86_64-debian-clang, r-devel-linux-x86_64-debian-gcc, r-devel-linux-x86_64-fedora-clang, r-devel-linux-x86_64-fedora-gcc, r-devel-windows-x86_64, r-patched-linux-x86_64, r-release-linux-x86_64, r-release-macos-arm64, r-release-windows-x86_64, r-oldrel-macos-arm64, r-oldrel-macos-x86_64, r-oldrel-windows-x86_64