Last updated on 2023-11-28 12:51:32 CET.
Flavor | Version | Tinstall | Tcheck | Ttotal | Status | Flags |
---|---|---|---|---|---|---|
r-devel-linux-x86_64-debian-clang | 1.0.5 | 2.93 | 293.10 | 296.03 | NOTE | |
r-devel-linux-x86_64-debian-gcc | 1.0.5 | 2.84 | 202.55 | 205.39 | NOTE | |
r-devel-linux-x86_64-fedora-clang | 1.0.5 | 356.23 | NOTE | |||
r-devel-linux-x86_64-fedora-gcc | 1.0.5 | 381.98 | NOTE | |||
r-devel-windows-x86_64 | 1.0.5 | 4.00 | 213.00 | 217.00 | NOTE | |
r-patched-linux-x86_64 | 1.0.5 | 4.00 | 270.94 | 274.94 | NOTE | |
r-release-linux-x86_64 | 1.0.5 | 2.54 | 270.11 | 272.65 | NOTE | |
r-release-macos-arm64 | 1.0.5 | 110.00 | NOTE | |||
r-release-macos-x86_64 | 1.0.5 | 171.00 | NOTE | |||
r-release-windows-x86_64 | 1.0.5 | 5.00 | 244.00 | 249.00 | NOTE | |
r-oldrel-macos-arm64 | 1.0.5 | 78.00 | NOTE | |||
r-oldrel-macos-x86_64 | 1.0.5 | 107.00 | NOTE | |||
r-oldrel-windows-x86_64 | 1.0.5 | 5.00 | 250.00 | 255.00 | NOTE |
Version: 1.0.5
Check: LazyData
Result: NOTE
'LazyData' is specified without a 'data' directory
Flavors: r-devel-linux-x86_64-debian-clang, r-devel-linux-x86_64-debian-gcc, r-devel-linux-x86_64-fedora-clang, r-devel-linux-x86_64-fedora-gcc, r-devel-windows-x86_64, r-patched-linux-x86_64, r-release-linux-x86_64, r-release-macos-arm64, r-release-macos-x86_64, r-release-windows-x86_64, r-oldrel-macos-arm64, r-oldrel-macos-x86_64, r-oldrel-windows-x86_64