Last updated on 2024-08-16 00:48:23 CEST.
Flavor | Version | Tinstall | Tcheck | Ttotal | Status | Flags |
---|---|---|---|---|---|---|
r-devel-linux-x86_64-debian-clang | 1.6 | 11.96 | 97.59 | 109.55 | OK | |
r-devel-linux-x86_64-debian-gcc | 1.6 | 8.77 | 69.71 | 78.48 | OK | |
r-devel-linux-x86_64-fedora-clang | 1.6 | 176.12 | NOTE | |||
r-devel-linux-x86_64-fedora-gcc | 1.6 | 177.58 | NOTE | |||
r-devel-windows-x86_64 | 1.6 | 12.00 | 93.00 | 105.00 | OK | |
r-patched-linux-x86_64 | 1.6 | 10.60 | 88.17 | 98.77 | OK | |
r-release-linux-x86_64 | 1.6 | 10.78 | 90.53 | 101.31 | OK | |
r-release-macos-arm64 | 1.6 | 53.00 | OK | |||
r-release-macos-x86_64 | 1.6 | 74.00 | OK | |||
r-release-windows-x86_64 | 1.6 | 13.00 | 95.00 | 108.00 | OK | |
r-oldrel-macos-arm64 | 1.6 | 57.00 | OK | |||
r-oldrel-macos-x86_64 | 1.6 | 105.00 | OK | |||
r-oldrel-windows-x86_64 | 1.6 | 14.00 | 106.00 | 120.00 | OK |
Version: 1.6
Check: dependencies in R code
Result: NOTE
Namespace in Imports field not imported from: ‘svglite’
All declared Imports should be used.
Flavors: r-devel-linux-x86_64-fedora-clang, r-devel-linux-x86_64-fedora-gcc