Last updated on 2023-12-01 00:51:59 CET.
Flavor | Version | Tinstall | Tcheck | Ttotal | Status | Flags |
---|---|---|---|---|---|---|
r-devel-linux-x86_64-debian-clang | 2.3.0 | 12.37 | 151.73 | 164.10 | NOTE | |
r-devel-linux-x86_64-debian-gcc | 2.3.0 | 9.40 | 114.40 | 123.80 | NOTE | |
r-devel-linux-x86_64-fedora-clang | 2.3.0 | 211.95 | NOTE | |||
r-devel-linux-x86_64-fedora-gcc | 2.3.0 | 217.60 | NOTE | |||
r-devel-windows-x86_64 | 2.3.0 | 12.00 | 148.00 | 160.00 | NOTE | |
r-patched-linux-x86_64 | 2.3.0 | 12.21 | 144.89 | 157.10 | NOTE | |
r-release-linux-x86_64 | 2.3.0 | 8.70 | 146.30 | 155.00 | NOTE | |
r-release-macos-arm64 | 2.3.0 | 69.00 | NOTE | |||
r-release-macos-x86_64 | 2.3.0 | 123.00 | NOTE | |||
r-release-windows-x86_64 | 2.3.0 | 16.00 | 164.00 | 180.00 | NOTE | |
r-oldrel-macos-arm64 | 2.3.0 | 57.00 | NOTE | |||
r-oldrel-macos-x86_64 | 2.3.0 | 147.00 | NOTE | |||
r-oldrel-windows-x86_64 | 2.3.0 | 15.00 | 171.00 | 186.00 | NOTE |
Version: 2.3.0
Check: Rd files
Result: NOTE
checkRd: (-1) saveFile.Rd:15: Lost braces; missing escapes or markup?
15 | \code{saveFile} Saves a csv report with the following columns: Convex Hull Area, Convex Hull Centroid X, Convex Hull Centroid Y, Sample Size, Ichen, Iscaled, pvalue , Mean, MeanScaled, STD DEV, SDScaled, Q_{1\%}, Q_{1\%Scaled}, $Q_{99\%}, Q_{99\%Scaled}, Max, Max_{Scaled}, Min, Min_{Scaled}, Skew,Skew_Scaled, Kutorsis,Kutorsis_Scaled.
| ^
checkRd: (-1) saveFile.Rd:15: Lost braces; missing escapes or markup?
15 | \code{saveFile} Saves a csv report with the following columns: Convex Hull Area, Convex Hull Centroid X, Convex Hull Centroid Y, Sample Size, Ichen, Iscaled, pvalue , Mean, MeanScaled, STD DEV, SDScaled, Q_{1\%}, Q_{1\%Scaled}, $Q_{99\%}, Q_{99\%Scaled}, Max, Max_{Scaled}, Min, Min_{Scaled}, Skew,Skew_Scaled, Kutorsis,Kutorsis_Scaled.
| ^
checkRd: (-1) saveFile.Rd:15: Lost braces; missing escapes or markup?
15 | \code{saveFile} Saves a csv report with the following columns: Convex Hull Area, Convex Hull Centroid X, Convex Hull Centroid Y, Sample Size, Ichen, Iscaled, pvalue , Mean, MeanScaled, STD DEV, SDScaled, Q_{1\%}, Q_{1\%Scaled}, $Q_{99\%}, Q_{99\%Scaled}, Max, Max_{Scaled}, Min, Min_{Scaled}, Skew,Skew_Scaled, Kutorsis,Kutorsis_Scaled.
| ^
checkRd: (-1) saveFile.Rd:15: Lost braces; missing escapes or markup?
15 | \code{saveFile} Saves a csv report with the following columns: Convex Hull Area, Convex Hull Centroid X, Convex Hull Centroid Y, Sample Size, Ichen, Iscaled, pvalue , Mean, MeanScaled, STD DEV, SDScaled, Q_{1\%}, Q_{1\%Scaled}, $Q_{99\%}, Q_{99\%Scaled}, Max, Max_{Scaled}, Min, Min_{Scaled}, Skew,Skew_Scaled, Kutorsis,Kutorsis_Scaled.
| ^
checkRd: (-1) saveFile.Rd:15: Lost braces; missing escapes or markup?
15 | \code{saveFile} Saves a csv report with the following columns: Convex Hull Area, Convex Hull Centroid X, Convex Hull Centroid Y, Sample Size, Ichen, Iscaled, pvalue , Mean, MeanScaled, STD DEV, SDScaled, Q_{1\%}, Q_{1\%Scaled}, $Q_{99\%}, Q_{99\%Scaled}, Max, Max_{Scaled}, Min, Min_{Scaled}, Skew,Skew_Scaled, Kutorsis,Kutorsis_Scaled.
| ^
checkRd: (-1) saveFile.Rd:15: Lost braces; missing escapes or markup?
15 | \code{saveFile} Saves a csv report with the following columns: Convex Hull Area, Convex Hull Centroid X, Convex Hull Centroid Y, Sample Size, Ichen, Iscaled, pvalue , Mean, MeanScaled, STD DEV, SDScaled, Q_{1\%}, Q_{1\%Scaled}, $Q_{99\%}, Q_{99\%Scaled}, Max, Max_{Scaled}, Min, Min_{Scaled}, Skew,Skew_Scaled, Kutorsis,Kutorsis_Scaled.
| ^
Flavors: r-devel-linux-x86_64-debian-clang, r-devel-linux-x86_64-debian-gcc
Version: 2.3.0
Check: LazyData
Result: NOTE
'LazyData' is specified without a 'data' directory
Flavors: r-devel-linux-x86_64-debian-clang, r-devel-linux-x86_64-debian-gcc, r-devel-linux-x86_64-fedora-clang, r-devel-linux-x86_64-fedora-gcc, r-devel-windows-x86_64, r-patched-linux-x86_64, r-release-linux-x86_64, r-release-macos-arm64, r-release-macos-x86_64, r-release-windows-x86_64, r-oldrel-macos-arm64, r-oldrel-macos-x86_64, r-oldrel-windows-x86_64