CRAN Package Check Results for Package IsoGene

Last updated on 2024-02-23 13:52:29 CET.

Flavor Version Tinstall Tcheck Ttotal Status Flags
r-devel-linux-x86_64-debian-clang 1.0-24 NOTE
r-devel-linux-x86_64-debian-gcc 1.0-24 6.75 68.58 75.33 NOTE
r-devel-linux-x86_64-fedora-clang 1.0-24 118.82 NOTE
r-devel-linux-x86_64-fedora-gcc 1.0-24 129.28 NOTE
r-devel-windows-x86_64 1.0-24 7.00 105.00 112.00 NOTE
r-patched-linux-x86_64 1.0-24 8.71 87.58 96.29 OK
r-release-linux-x86_64 1.0-24 7.41 85.62 93.03 OK
r-release-windows-x86_64 1.0-24 7.00 111.00 118.00 OK
r-oldrel-windows-x86_64 1.0-24 9.00 116.00 125.00 OK

Check Details

Version: 1.0-24
Check: package vignettes
Result: NOTE Package vignette without corresponding tangle output: ‘IsoGene.Rnw’ Flavors: r-devel-linux-x86_64-debian-clang, r-devel-linux-x86_64-debian-gcc, r-devel-linux-x86_64-fedora-clang, r-devel-linux-x86_64-fedora-gcc, r-devel-windows-x86_64

Version: 1.0-24
Check: Rd cross-references
Result: NOTE Undeclared package ‘multtest’ in Rd xrefs Flavor: r-devel-linux-x86_64-fedora-clang