Last updated on 2024-08-16 00:48:23 CEST.
Flavor | Version | Tinstall | Tcheck | Ttotal | Status | Flags |
---|---|---|---|---|---|---|
r-devel-linux-x86_64-debian-clang | 0.5-0 | 95.52 | 124.31 | 219.83 | OK | |
r-devel-linux-x86_64-debian-gcc | 0.5-0 | 54.90 | 78.67 | 133.57 | OK | |
r-devel-linux-x86_64-fedora-clang | 0.5-0 | 315.00 | OK | |||
r-devel-linux-x86_64-fedora-gcc | 0.5-0 | 335.88 | OK | |||
r-devel-windows-x86_64 | 0.5-0 | 74.00 | 132.00 | 206.00 | OK | |
r-patched-linux-x86_64 | 0.5-0 | 79.12 | 107.42 | 186.54 | OK | |
r-release-linux-x86_64 | 0.5-0 | 77.32 | 107.53 | 184.85 | OK | |
r-release-macos-arm64 | 0.5-0 | 78.00 | NOTE | |||
r-release-macos-x86_64 | 0.5-0 | 227.00 | NOTE | |||
r-release-windows-x86_64 | 0.5-0 | 75.00 | 137.00 | 212.00 | OK | |
r-oldrel-macos-arm64 | 0.5-0 | 79.00 | NOTE | |||
r-oldrel-macos-x86_64 | 0.5-0 | 225.00 | NOTE | |||
r-oldrel-windows-x86_64 | 0.5-0 | 95.00 | 173.00 | 268.00 | OK |
Version: 0.5-0
Check: installed package size
Result: NOTE
installed size is 10.4Mb
sub-directories of 1Mb or more:
libs 9.6Mb
Flavors: r-release-macos-arm64, r-release-macos-x86_64, r-oldrel-macos-arm64, r-oldrel-macos-x86_64