Last updated on 2023-12-08 13:50:03 CET.
Flavor | Version | Tinstall | Tcheck | Ttotal | Status | Flags |
---|---|---|---|---|---|---|
r-devel-linux-x86_64-debian-clang | 2.4 | 79.97 | 98.73 | 178.70 | OK | |
r-devel-linux-x86_64-debian-gcc | 2.4 | 49.72 | 77.90 | 127.62 | OK | |
r-devel-linux-x86_64-fedora-clang | 2.4 | 266.34 | OK | |||
r-devel-linux-x86_64-fedora-gcc | 2.4 | 250.52 | OK | |||
r-devel-windows-x86_64 | 2.4 | 62.00 | 128.00 | 190.00 | OK | |
r-patched-linux-x86_64 | 2.4 | 66.00 | 98.10 | 164.10 | OK | |
r-release-linux-x86_64 | 2.4 | 65.62 | 100.85 | 166.47 | OK | |
r-release-macos-arm64 | 2.4 | 72.00 | NOTE | |||
r-release-macos-x86_64 | 2.4 | 125.00 | NOTE | |||
r-release-windows-x86_64 | 2.4 | 76.00 | 145.00 | 221.00 | OK | |
r-oldrel-macos-arm64 | 2.4 | 64.00 | NOTE | |||
r-oldrel-macos-x86_64 | 2.4 | 84.00 | NOTE | |||
r-oldrel-windows-x86_64 | 2.4 | 72.00 | 141.00 | 213.00 | OK |
Version: 2.4
Check: installed package size
Result: NOTE
installed size is 6.9Mb
sub-directories of 1Mb or more:
data 1.6Mb
libs 4.1Mb
Flavors: r-release-macos-arm64, r-release-macos-x86_64, r-oldrel-macos-arm64, r-oldrel-macos-x86_64