CRAN Package Check Results for Package Kendall

Last updated on 2024-02-23 13:52:30 CET.

Flavor Version Tinstall Tcheck Ttotal Status Flags
r-devel-linux-x86_64-debian-clang 2.2.1 OK
r-devel-linux-x86_64-debian-gcc 2.2.1 2.34 21.96 24.30 OK
r-devel-linux-x86_64-fedora-clang 2.2.1 36.67 NOTE
r-devel-linux-x86_64-fedora-gcc 2.2.1 36.94 NOTE
r-devel-windows-x86_64 2.2.1 5.00 48.00 53.00 OK
r-patched-linux-x86_64 2.2.1 2.78 27.74 30.52 OK
r-release-linux-x86_64 2.2.1 2.87 27.51 30.38 OK
r-release-macos-arm64 2.2.1 20.00 OK
r-release-macos-x86_64 2.2.1 24.00 OK
r-release-windows-x86_64 2.2.1 6.00 47.00 53.00 OK
r-oldrel-macos-arm64 2.2.1 19.00 OK
r-oldrel-windows-x86_64 2.2.1 6.00 52.00 58.00 OK

Check Details

Version: 2.2.1
Check: compiled code
Result: NOTE File ‘Kendall/libs/Kendall.so’: Found no calls to: ‘R_registerRoutines’, ‘R_useDynamicSymbols’ It is good practice to register native routines and to disable symbol search. See ‘Writing portable packages’ in the ‘Writing R Extensions’ manual. Flavors: r-devel-linux-x86_64-fedora-clang, r-devel-linux-x86_64-fedora-gcc