Last updated on 2023-11-28 12:51:38 CET.
Flavor | Version | Tinstall | Tcheck | Ttotal | Status | Flags |
---|---|---|---|---|---|---|
r-devel-linux-x86_64-debian-clang | 0.2.1 | 46.10 | 72.94 | 119.04 | NOTE | |
r-devel-linux-x86_64-debian-gcc | 0.2.1 | 34.19 | 54.86 | 89.05 | NOTE | |
r-devel-linux-x86_64-fedora-clang | 0.2.1 | 154.55 | NOTE | |||
r-devel-linux-x86_64-fedora-gcc | 0.2.1 | 157.02 | NOTE | |||
r-devel-windows-x86_64 | 0.2.1 | 37.00 | 196.00 | 233.00 | NOTE | |
r-patched-linux-x86_64 | 0.2.1 | 38.83 | 70.43 | 109.26 | NOTE | |
r-release-linux-x86_64 | 0.2.1 | 29.31 | 70.06 | 99.37 | NOTE | |
r-release-macos-arm64 | 0.2.1 | 101.00 | NOTE | |||
r-release-macos-x86_64 | 0.2.1 | 164.00 | NOTE | |||
r-release-windows-x86_64 | 0.2.1 | 50.00 | 254.00 | 304.00 | NOTE | |
r-oldrel-macos-arm64 | 0.2.1 | 89.00 | NOTE | |||
r-oldrel-macos-x86_64 | 0.2.1 | 117.00 | NOTE | |||
r-oldrel-windows-x86_64 | 0.2.1 | 46.00 | 255.00 | 301.00 | OK |
Version: 0.2.1
Check: C++ specification
Result: NOTE
Specified C++14: please drop specification unless essential
Flavors: r-devel-linux-x86_64-debian-clang, r-devel-linux-x86_64-debian-gcc, r-devel-linux-x86_64-fedora-clang, r-devel-linux-x86_64-fedora-gcc, r-devel-windows-x86_64, r-patched-linux-x86_64, r-release-linux-x86_64, r-release-macos-arm64, r-release-macos-x86_64, r-release-windows-x86_64
Version: 0.2.1
Check: installed package size
Result: NOTE
installed size is 6.4Mb
sub-directories of 1Mb or more:
libs 5.3Mb
Flavors: r-release-macos-arm64, r-release-macos-x86_64, r-oldrel-macos-arm64, r-oldrel-macos-x86_64