CRAN Package Check Results for Package Libra

Last updated on 2024-04-17 13:15:57 CEST.

Flavor Version Tinstall Tcheck Ttotal Status Flags
r-devel-linux-x86_64-debian-clang 1.7 6.63 37.07 43.70 NOTE
r-devel-linux-x86_64-debian-gcc 1.7 4.99 28.01 33.00 NOTE
r-devel-linux-x86_64-fedora-clang 1.7 54.35 NOTE
r-devel-linux-x86_64-fedora-gcc 1.7 51.91 NOTE
r-prerel-macos-arm64 1.7 24.00 NOTE
r-prerel-windows-x86_64 1.7 10.00 58.00 68.00 NOTE
r-patched-linux-x86_64 1.7 6.04 35.37 41.41 NOTE
r-release-linux-x86_64 1.7 5.35 36.74 42.09 NOTE
r-release-macos-arm64 1.7 26.00 NOTE
r-release-macos-x86_64 1.7 33.00 NOTE
r-release-windows-x86_64 1.7 11.00 63.00 74.00 NOTE
r-oldrel-macos-arm64 1.7 27.00 OK
r-oldrel-windows-x86_64 1.7 11.00 62.00 73.00 OK

Check Details

Version: 1.7
Check: Rd files
Result: NOTE checkRd: (-1) isingdata.Rd:14: Lost braces; missing escapes or markup? 14 | \item{X}{a 5000-by-100 matrix, each entry is in {-1,1}.} | ^ checkRd: (-1) predict.lb.Rd:16: Escaped LaTeX specials: \$ Flavors: r-devel-linux-x86_64-debian-clang, r-devel-linux-x86_64-debian-gcc, r-devel-linux-x86_64-fedora-clang, r-devel-linux-x86_64-fedora-gcc, r-prerel-macos-arm64, r-prerel-windows-x86_64, r-patched-linux-x86_64

Version: 1.7
Check: Rd files
Result: NOTE checkRd: (-1) predict.lb.Rd:16: Escaped LaTeX specials: \$ Flavors: r-release-linux-x86_64, r-release-macos-arm64, r-release-macos-x86_64, r-release-windows-x86_64