Last updated on 2024-08-16 00:48:24 CEST.
Flavor | Version | Tinstall | Tcheck | Ttotal | Status | Flags |
---|---|---|---|---|---|---|
r-devel-linux-x86_64-debian-clang | 1.1.1 | 16.44 | 41.50 | 57.94 | OK | |
r-devel-linux-x86_64-debian-gcc | 1.1.1 | 12.11 | 31.96 | 44.07 | OK | |
r-devel-linux-x86_64-fedora-clang | 1.1.1 | 103.76 | OK | |||
r-devel-linux-x86_64-fedora-gcc | 1.1.1 | 111.16 | OK | |||
r-devel-windows-x86_64 | 1.1.1 | 23.00 | 75.00 | 98.00 | NOTE | |
r-patched-linux-x86_64 | 1.1.1 | 16.96 | 39.44 | 56.40 | OK | |
r-release-linux-x86_64 | 1.1.1 | 16.71 | 38.99 | 55.70 | OK | |
r-release-macos-arm64 | 1.1.1 | 37.00 | NOTE | |||
r-release-macos-x86_64 | 1.1.1 | 54.00 | NOTE | |||
r-release-windows-x86_64 | 1.1.1 | 21.00 | 76.00 | 97.00 | NOTE | |
r-oldrel-macos-arm64 | 1.1.1 | 41.00 | NOTE | |||
r-oldrel-macos-x86_64 | 1.1.1 | 60.00 | NOTE | |||
r-oldrel-windows-x86_64 | 1.1.1 | 25.00 | 90.00 | 115.00 | NOTE |
Version: 1.1.1
Check: installed package size
Result: NOTE
installed size is 5.5Mb
sub-directories of 1Mb or more:
extdata 4.5Mb
Flavors: r-devel-windows-x86_64, r-release-macos-arm64, r-release-macos-x86_64, r-release-windows-x86_64, r-oldrel-macos-arm64, r-oldrel-macos-x86_64, r-oldrel-windows-x86_64