CRAN Package Check Results for Package MARSANNhybrid

Last updated on 2024-04-17 00:54:24 CEST.

Flavor Version Tinstall Tcheck Ttotal Status Flags
r-devel-linux-x86_64-debian-clang 0.1.0 1.97 23.26 25.23 NOTE
r-devel-linux-x86_64-debian-gcc 0.1.0 1.86 18.01 19.87 NOTE
r-devel-linux-x86_64-fedora-clang 0.1.0 33.25 NOTE
r-devel-linux-x86_64-fedora-gcc 0.1.0 31.40 NOTE
r-prerel-macos-arm64 0.1.0 16.00 NOTE
r-prerel-windows-x86_64 0.1.0 3.00 40.00 43.00 NOTE
r-patched-linux-x86_64 0.1.0 2.34 22.89 25.23 NOTE
r-release-linux-x86_64 0.1.0 1.97 23.47 25.44 NOTE
r-release-macos-arm64 0.1.0 15.00 NOTE
r-release-macos-x86_64 0.1.0 20.00 NOTE
r-release-windows-x86_64 0.1.0 3.00 38.00 41.00 NOTE
r-oldrel-macos-arm64 0.1.0 18.00 NOTE
r-oldrel-windows-x86_64 0.1.0 4.00 43.00 47.00 NOTE

Check Details

Version: 0.1.0
Check: LazyData
Result: NOTE 'LazyData' is specified without a 'data' directory Flavors: r-devel-linux-x86_64-debian-clang, r-devel-linux-x86_64-debian-gcc, r-devel-linux-x86_64-fedora-clang, r-devel-linux-x86_64-fedora-gcc, r-prerel-macos-arm64, r-prerel-windows-x86_64, r-patched-linux-x86_64, r-release-linux-x86_64, r-release-macos-arm64, r-release-macos-x86_64, r-release-windows-x86_64, r-oldrel-macos-arm64, r-oldrel-windows-x86_64