Last updated on 2023-12-08 00:52:00 CET.
Flavor | Version | Tinstall | Tcheck | Ttotal | Status | Flags |
---|---|---|---|---|---|---|
r-devel-linux-x86_64-debian-clang | 0.1.4.2 | 30.89 | 194.17 | 225.06 | OK | |
r-devel-linux-x86_64-debian-gcc | 0.1.4.2 | 25.70 | 162.30 | 188.00 | OK | |
r-devel-linux-x86_64-fedora-clang | 0.1.4.2 | 292.84 | OK | |||
r-devel-linux-x86_64-fedora-gcc | 0.1.4.2 | 411.70 | OK | |||
r-devel-windows-x86_64 | 0.1.4.2 | 29.00 | 157.00 | 186.00 | OK | |
r-patched-linux-x86_64 | 0.1.4.2 | 23.01 | 187.41 | 210.42 | OK | |
r-release-linux-x86_64 | 0.1.4.2 | 23.10 | 188.18 | 211.28 | OK | |
r-release-macos-arm64 | 0.1.4.2 | 132.00 | NOTE | |||
r-release-macos-x86_64 | 0.1.4.2 | 299.00 | NOTE | |||
r-release-windows-x86_64 | 0.1.4.2 | 37.00 | 189.00 | 226.00 | OK | |
r-oldrel-macos-arm64 | 0.1.4.2 | 134.00 | NOTE | |||
r-oldrel-macos-x86_64 | 0.1.4.2 | 158.00 | OK | |||
r-oldrel-windows-x86_64 | 0.1.4.2 | 39.00 | 190.00 | 229.00 | OK |
Version: 0.1.4.2
Check: installed package size
Result: NOTE
installed size is 5.1Mb
sub-directories of 1Mb or more:
R 1.1Mb
data 3.9Mb
Flavors: r-release-macos-arm64, r-release-macos-x86_64, r-oldrel-macos-arm64