Last updated on 2023-12-01 00:52:01 CET.
Flavor | Version | Tinstall | Tcheck | Ttotal | Status | Flags |
---|---|---|---|---|---|---|
r-devel-linux-x86_64-debian-clang | 0.4.2 | 13.05 | 734.60 | 747.65 | OK | |
r-devel-linux-x86_64-debian-gcc | 0.4.2 | 11.48 | 517.74 | 529.22 | OK | |
r-devel-linux-x86_64-fedora-clang | 0.4.2 | 939.35 | NOTE | |||
r-devel-linux-x86_64-fedora-gcc | 0.4.2 | 914.99 | NOTE | |||
r-devel-windows-x86_64 | 0.4.2 | 13.00 | 731.00 | 744.00 | OK | |
r-patched-linux-x86_64 | 0.4.2 | 12.29 | 700.73 | 713.02 | OK | |
r-release-linux-x86_64 | 0.4.2 | 12.37 | 710.01 | 722.38 | OK | |
r-release-macos-arm64 | 0.4.2 | 242.00 | OK | |||
r-release-macos-x86_64 | 0.4.2 | 601.00 | OK | |||
r-release-windows-x86_64 | 0.4.2 | 16.00 | 842.00 | 858.00 | OK | |
r-oldrel-macos-arm64 | 0.4.2 | 212.00 | OK | |||
r-oldrel-macos-x86_64 | 0.4.2 | 359.00 | OK | |||
r-oldrel-windows-x86_64 | 0.4.2 | 16.00 | 836.00 | 852.00 | OK |
Version: 0.4.2
Check: data for non-ASCII characters
Result: NOTE
Note: found 6 marked Latin-1 strings
Flavors: r-devel-linux-x86_64-fedora-clang, r-devel-linux-x86_64-fedora-gcc