Last updated on 2024-08-16 00:48:25 CEST.
Flavor | Version | Tinstall | Tcheck | Ttotal | Status | Flags |
---|---|---|---|---|---|---|
r-devel-linux-x86_64-debian-clang | 0.5 | 3.80 | 32.71 | 36.51 | OK | |
r-devel-linux-x86_64-debian-gcc | 0.5 | 2.78 | 24.11 | 26.89 | OK | |
r-devel-linux-x86_64-fedora-clang | 0.5 | 61.56 | NOTE | |||
r-devel-linux-x86_64-fedora-gcc | 0.5 | 69.15 | OK | |||
r-devel-windows-x86_64 | 0.5 | 5.00 | 53.00 | 58.00 | OK | |
r-patched-linux-x86_64 | 0.5 | 4.27 | 30.61 | 34.88 | OK | |
r-release-linux-x86_64 | 0.5 | 4.17 | 31.51 | 35.68 | OK | |
r-release-macos-arm64 | 0.5 | 26.00 | OK | |||
r-release-macos-x86_64 | 0.5 | 38.00 | OK | |||
r-release-windows-x86_64 | 0.5 | 5.00 | 53.00 | 58.00 | OK | |
r-oldrel-macos-arm64 | 0.5 | 29.00 | OK | |||
r-oldrel-macos-x86_64 | 0.5 | 76.00 | OK | |||
r-oldrel-windows-x86_64 | 0.5 | 6.00 | 58.00 | 64.00 | OK |
Version: 0.5
Check: Rd cross-references
Result: NOTE
Undeclared package ‘rms’ in Rd xrefs
Flavor: r-devel-linux-x86_64-fedora-clang