CRAN Package Check Results for Package MarginalMediation

Last updated on 2024-02-23 13:52:31 CET.

Flavor Version Tinstall Tcheck Ttotal Status Flags
r-devel-linux-x86_64-debian-clang 0.7.2 NOTE
r-devel-linux-x86_64-debian-gcc 0.7.2 4.63 77.04 81.67 NOTE
r-devel-linux-x86_64-fedora-clang 0.7.2 132.66 NOTE
r-devel-linux-x86_64-fedora-gcc 0.7.2 148.66 NOTE
r-devel-windows-x86_64 0.7.2 6.00 97.00 103.00 NOTE
r-patched-linux-x86_64 0.7.2 4.95 99.85 104.80 NOTE
r-release-linux-x86_64 0.7.2 6.07 100.57 106.64 NOTE
r-release-macos-arm64 0.7.2 58.00 NOTE
r-release-macos-x86_64 0.7.2 81.00 NOTE
r-release-windows-x86_64 0.7.2 8.00 117.00 125.00 NOTE
r-oldrel-macos-arm64 0.7.2 33.00 OK
r-oldrel-windows-x86_64 0.7.2 8.00 118.00 126.00 OK

Check Details

Version: 0.7.2
Check: Rd files
Result: NOTE checkRd: (-1) mma.Rd:67: Escaped LaTeX specials: \& Flavors: r-devel-linux-x86_64-debian-clang, r-devel-linux-x86_64-debian-gcc, r-devel-linux-x86_64-fedora-clang, r-devel-linux-x86_64-fedora-gcc, r-devel-windows-x86_64, r-patched-linux-x86_64, r-release-linux-x86_64, r-release-macos-arm64, r-release-macos-x86_64, r-release-windows-x86_64