Last updated on 2023-12-08 13:50:05 CET.
Flavor | Version | Tinstall | Tcheck | Ttotal | Status | Flags |
---|---|---|---|---|---|---|
r-devel-linux-x86_64-debian-clang | 0.4 | 13.91 | 177.98 | 191.89 | OK | |
r-devel-linux-x86_64-debian-gcc | 0.4 | 11.83 | 134.87 | 146.70 | OK | |
r-devel-linux-x86_64-fedora-clang | 0.4 | 253.59 | NOTE | |||
r-devel-linux-x86_64-fedora-gcc | 0.4 | 253.21 | NOTE | |||
r-devel-windows-x86_64 | 0.4 | 13.00 | 157.00 | 170.00 | OK | |
r-patched-linux-x86_64 | 0.4 | 16.44 | 178.45 | 194.89 | OK | |
r-release-linux-x86_64 | 0.4 | 14.88 | 176.77 | 191.65 | OK | |
r-release-macos-arm64 | 0.4 | 73.00 | OK | |||
r-release-macos-x86_64 | 0.4 | 173.00 | OK | |||
r-release-windows-x86_64 | 0.4 | 16.00 | 179.00 | 195.00 | OK | |
r-oldrel-macos-arm64 | 0.4 | 69.00 | OK | |||
r-oldrel-macos-x86_64 | 0.4 | 98.00 | OK | |||
r-oldrel-windows-x86_64 | 0.4 | 18.00 | 186.00 | 204.00 | OK |
Version: 0.4
Check: data for non-ASCII characters
Result: NOTE
Note: found 1496 marked UTF-8 strings
Flavors: r-devel-linux-x86_64-fedora-clang, r-devel-linux-x86_64-fedora-gcc