Last updated on 2023-11-28 12:51:41 CET.
Flavor | Version | Tinstall | Tcheck | Ttotal | Status | Flags |
---|---|---|---|---|---|---|
r-devel-linux-x86_64-debian-clang | 2.0.0 | 35.35 | 424.23 | 459.58 | NOTE | |
r-devel-linux-x86_64-debian-gcc | 2.0.0 | 33.76 | 308.65 | 342.41 | NOTE | |
r-devel-linux-x86_64-fedora-clang | 2.0.0 | 570.20 | NOTE | |||
r-devel-linux-x86_64-fedora-gcc | 2.0.0 | 592.96 | OK | |||
r-devel-windows-x86_64 | 2.0.0 | 30.00 | 306.00 | 336.00 | NOTE | |
r-patched-linux-x86_64 | 2.0.0 | 37.96 | 400.19 | 438.15 | OK | |
r-release-linux-x86_64 | 2.0.0 | 37.76 | 402.89 | 440.65 | OK | |
r-release-macos-arm64 | 2.0.0 | 157.00 | NOTE | |||
r-release-macos-x86_64 | 2.0.0 | 293.00 | NOTE | |||
r-release-windows-x86_64 | 2.0.0 | 41.00 | 388.00 | 429.00 | NOTE | |
r-oldrel-macos-arm64 | 2.0.0 | 133.00 | NOTE | |||
r-oldrel-macos-x86_64 | 2.0.0 | 196.00 | NOTE | |||
r-oldrel-windows-x86_64 | 2.0.0 | 42.00 | 388.00 | 430.00 | NOTE |
Version: 2.0.0
Check: Rd files
Result: NOTE
checkRd: (-1) rland.graph.Rd:27: Lost braces in \itemize; \value handles \item{}{} directly
checkRd: (-1) rland.graph.Rd:28: Lost braces in \itemize; \value handles \item{}{} directly
checkRd: (-1) rland.graph.Rd:29: Lost braces in \itemize; \value handles \item{}{} directly
checkRd: (-1) rland.graph.Rd:30: Lost braces in \itemize; \value handles \item{}{} directly
checkRd: (-1) rland.graph.Rd:31: Lost braces in \itemize; \value handles \item{}{} directly
checkRd: (-1) rland.graph.Rd:32: Lost braces in \itemize; \value handles \item{}{} directly
checkRd: (-1) rland.graph.Rd:33-34: Lost braces in \itemize; \value handles \item{}{} directly
Flavors: r-devel-linux-x86_64-debian-clang, r-devel-linux-x86_64-debian-gcc
Version: 2.0.0
Check: installed package size
Result: NOTE
installed size is 14.4Mb
sub-directories of 1Mb or more:
data 3.0Mb
examples 10.3Mb
Flavors: r-devel-linux-x86_64-fedora-clang, r-devel-windows-x86_64, r-release-macos-arm64, r-release-macos-x86_64, r-release-windows-x86_64, r-oldrel-macos-arm64, r-oldrel-macos-x86_64, r-oldrel-windows-x86_64