CRAN Package Check Results for Package Microsoft365R

Last updated on 2024-02-25 01:49:04 CET.

Flavor Version Tinstall Tcheck Ttotal Status Flags
r-devel-linux-x86_64-debian-clang 2.4.0 18.26 54.77 73.03 OK
r-devel-linux-x86_64-debian-gcc 2.4.0 16.26 42.37 58.63 OK
r-devel-linux-x86_64-fedora-clang 2.4.0 94.47 NOTE
r-devel-linux-x86_64-fedora-gcc 2.4.0 101.55 NOTE
r-devel-windows-x86_64 2.4.0 16.00 83.00 99.00 OK
r-patched-linux-x86_64 2.4.0 23.42 54.77 78.19 OK
r-release-linux-x86_64 2.4.0 19.83 54.16 73.99 OK
r-release-macos-arm64 2.4.0 42.00 OK
r-release-macos-x86_64 2.4.0 67.00 OK
r-release-windows-x86_64 2.4.0 21.00 88.00 109.00 OK
r-oldrel-macos-arm64 2.4.0 39.00 OK
r-oldrel-windows-x86_64 2.4.0 21.00 77.00 98.00 OK

Check Details

Version: 2.4.0
Check: dependencies in R code
Result: NOTE Namespaces in Imports field not imported from: ‘R6’ ‘curl’ ‘jsonlite’ ‘parallel’ ‘tools’ ‘vctrs’ All declared Imports should be used. Flavors: r-devel-linux-x86_64-fedora-clang, r-devel-linux-x86_64-fedora-gcc