CRAN Package Check Results for Package NEONiso

Last updated on 2023-12-06 01:56:10 CET.

Flavor Version Tinstall Tcheck Ttotal Status Flags
r-devel-linux-x86_64-debian-clang 0.6.4 12.82 259.31 272.13 OK
r-devel-linux-x86_64-debian-gcc 0.6.4 10.16 195.59 205.75 OK
r-devel-linux-x86_64-fedora-clang 0.6.4 326.22 OK
r-devel-linux-x86_64-fedora-gcc 0.6.4 333.25 OK
r-devel-windows-x86_64 0.6.4 11.00 362.00 373.00 OK
r-patched-linux-x86_64 0.6.4 9.60 254.73 264.33 OK
r-release-linux-x86_64 0.6.4 8.20 252.65 260.85 OK
r-release-macos-arm64 0.6.4 9.00 ERROR
r-release-macos-x86_64 0.6.4 12.00 ERROR
r-release-windows-x86_64 0.6.4 14.00 424.00 438.00 OK
r-oldrel-macos-arm64 0.6.4 288.00 OK
r-oldrel-macos-x86_64 0.6.4 315.00 OK
r-oldrel-windows-x86_64 0.6.4 15.00 419.00 434.00 OK

Check Details

Version: 0.6.4
Check: package dependencies
Result: ERROR Package required but not available: ‘rhdf5’ See section ‘The DESCRIPTION file’ in the ‘Writing R Extensions’ manual. Flavors: r-release-macos-arm64, r-release-macos-x86_64