Last updated on 2024-08-16 00:48:26 CEST.
Flavor | Version | Tinstall | Tcheck | Ttotal | Status | Flags |
---|---|---|---|---|---|---|
r-devel-linux-x86_64-debian-clang | 0.2.1 | 21.12 | 277.00 | 298.12 | NOTE | |
r-devel-linux-x86_64-debian-gcc | 0.2.1 | 14.95 | 187.78 | 202.73 | NOTE | |
r-devel-linux-x86_64-fedora-clang | 0.2.1 | 508.65 | NOTE | |||
r-devel-linux-x86_64-fedora-gcc | 0.2.1 | 487.58 | NOTE | |||
r-devel-windows-x86_64 | 0.2.1 | 24.00 | 255.00 | 279.00 | NOTE | |
r-patched-linux-x86_64 | 0.2.1 | 29.44 | 268.88 | 298.32 | OK | |
r-release-linux-x86_64 | 0.2.1 | 21.09 | 271.84 | 292.93 | OK | |
r-release-macos-arm64 | 0.2.1 | 144.00 | NOTE | |||
r-release-macos-x86_64 | 0.2.1 | 203.00 | NOTE | |||
r-release-windows-x86_64 | 0.2.1 | 24.00 | 257.00 | 281.00 | NOTE | |
r-oldrel-macos-arm64 | 0.2.1 | 143.00 | NOTE | |||
r-oldrel-macos-x86_64 | 0.2.1 | 258.00 | NOTE | |||
r-oldrel-windows-x86_64 | 0.2.1 | 31.00 | 336.00 | 367.00 | NOTE |
Version: 0.2.1
Check: Rd cross-references
Result: NOTE
Found the following Rd file(s) with Rd \link{} targets missing package
anchors:
plotIncMatrix.Rd: scale_fill_distiller
Please provide package anchors for all Rd \link{} targets not in the
package itself and the base packages.
Flavors: r-devel-linux-x86_64-debian-clang, r-devel-linux-x86_64-debian-gcc, r-devel-windows-x86_64
Version: 0.2.1
Check: installed package size
Result: NOTE
installed size is 5.2Mb
sub-directories of 1Mb or more:
doc 4.0Mb
Flavors: r-devel-linux-x86_64-fedora-clang, r-devel-windows-x86_64, r-release-macos-arm64, r-release-macos-x86_64, r-release-windows-x86_64, r-oldrel-macos-arm64, r-oldrel-macos-x86_64, r-oldrel-windows-x86_64
Version: 0.2.1
Check: data for non-ASCII characters
Result: NOTE
Note: found 24 marked UTF-8 strings
Flavors: r-devel-linux-x86_64-fedora-clang, r-devel-linux-x86_64-fedora-gcc