Last updated on 2023-12-11 01:52:43 CET.
Flavor | Version | Tinstall | Tcheck | Ttotal | Status | Flags |
---|---|---|---|---|---|---|
r-devel-linux-x86_64-debian-clang | 0.2.0.1 | 93.21 | 111.91 | 205.12 | WARN | |
r-devel-linux-x86_64-debian-gcc | 0.2.0.1 | 59.26 | 82.03 | 141.29 | WARN | |
r-devel-linux-x86_64-fedora-clang | 0.2.0.1 | 285.11 | WARN | |||
r-devel-linux-x86_64-fedora-gcc | 0.2.0.1 | 273.22 | WARN | |||
r-devel-windows-x86_64 | 0.2.0.1 | 66.00 | 159.00 | 225.00 | WARN | |
r-patched-linux-x86_64 | 0.2.0.1 | 66.11 | 107.62 | 173.73 | NOTE | |
r-release-linux-x86_64 | 0.2.0.1 | 76.92 | 111.09 | 188.01 | NOTE | |
r-release-macos-arm64 | 0.2.0.1 | 71.00 | NOTE | |||
r-release-macos-x86_64 | 0.2.0.1 | 119.00 | NOTE | |||
r-release-windows-x86_64 | 0.2.0.1 | 82.00 | 162.00 | 244.00 | NOTE | |
r-oldrel-macos-arm64 | 0.2.0.1 | 78.00 | OK | |||
r-oldrel-macos-x86_64 | 0.2.0.1 | 87.00 | OK | |||
r-oldrel-windows-x86_64 | 0.2.0.1 | 82.00 | 164.00 | 246.00 | OK |
Version: 0.2.0.1
Check: whether package can be installed
Result: WARN
Found the following significant warnings:
mmsbm_fit.cpp:162:55: warning: format specifies type 'double' but the argument has type 'arma::uword' (aka 'unsigned int') [-Wformat]
mmsbm_fit.cpp:162:63: warning: data argument not used by format string [-Wformat-extra-args]
See ‘/home/hornik/tmp/R.check/r-devel-clang/Work/PKGS/NetMix.Rcheck/00install.out’ for details.
* used C++ compiler: ‘Debian clang version 17.0.5 (1)’
Flavor: r-devel-linux-x86_64-debian-clang
Version: 0.2.0.1
Check: C++ specification
Result: NOTE
Specified C++11: please drop specification unless essential
Flavors: r-devel-linux-x86_64-debian-clang, r-devel-linux-x86_64-debian-gcc, r-devel-linux-x86_64-fedora-clang, r-devel-linux-x86_64-fedora-gcc, r-devel-windows-x86_64, r-patched-linux-x86_64, r-release-linux-x86_64, r-release-macos-arm64, r-release-macos-x86_64, r-release-windows-x86_64
Version: 0.2.0.1
Check: whether package can be installed
Result: WARN
Found the following significant warnings:
mmsbm_fit.cpp:162:27: warning: format ‘%f’ expects argument of type ‘double’, but argument 2 has type ‘arma::uword’ {aka ‘unsigned int’} [-Wformat=]
mmsbm_fit.cpp:162:15: warning: too many arguments for format [-Wformat-extra-args]
See ‘/home/hornik/tmp/R.check/r-devel-gcc/Work/PKGS/NetMix.Rcheck/00install.out’ for details.
* used C++ compiler: ‘g++-13 (Debian 13.2.0-7) 13.2.0’
Flavor: r-devel-linux-x86_64-debian-gcc
Version: 0.2.0.1
Check: whether package can be installed
Result: WARN
Found the following significant warnings:
mmsbm_fit.cpp:162:55: warning: format specifies type 'double' but the argument has type 'arma::uword' (aka 'unsigned int') [-Wformat]
mmsbm_fit.cpp:162:63: warning: data argument not used by format string [-Wformat-extra-args]
See ‘/data/gannet/ripley/R/packages/tests-clang/NetMix.Rcheck/00install.out’ for details.
* used C++ compiler: ‘clang version 17.0.5’
Flavor: r-devel-linux-x86_64-fedora-clang
Version: 0.2.0.1
Check: whether package can be installed
Result: WARN
Found the following significant warnings:
mmsbm_fit.cpp:162:27: warning: format '%f' expects argument of type 'double', but argument 2 has type 'arma::uword' {aka 'unsigned int'} [-Wformat=]
mmsbm_fit.cpp:162:15: warning: too many arguments for format [-Wformat-extra-args]
See ‘/data/gannet/ripley/R/packages/tests-devel/NetMix.Rcheck/00install.out’ for details.
* used C++ compiler: ‘g++-13 (GCC) 13.2.0’
Flavor: r-devel-linux-x86_64-fedora-gcc
Version: 0.2.0.1
Check: whether package can be installed
Result: WARN
Found the following significant warnings:
mmsbm_fit.cpp:162:27: warning: format '%f' expects argument of type 'double', but argument 2 has type 'arma::uword' {aka 'unsigned int'} [-Wformat=]
mmsbm_fit.cpp:162:15: warning: too many arguments for format [-Wformat-extra-args]
See 'd:/Rcompile/CRANpkg/local/4.4/NetMix.Rcheck/00install.out' for details.
* used C++ compiler: 'g++.exe (GCC) 12.3.0'
Flavor: r-devel-windows-x86_64