Last updated on 2024-08-31 12:49:17 CEST.
Flavor | Version | Tinstall | Tcheck | Ttotal | Status | Flags |
---|---|---|---|---|---|---|
r-devel-linux-x86_64-debian-clang | 0.2.0 | 9.19 | 217.63 | 226.82 | OK | |
r-devel-linux-x86_64-debian-gcc | 0.2.0 | 5.40 | 141.51 | 146.91 | OK | |
r-devel-linux-x86_64-fedora-clang | 0.2.0 | 354.08 | OK | |||
r-devel-linux-x86_64-fedora-gcc | 0.2.0 | 344.38 | OK | |||
r-devel-windows-x86_64 | 0.2.0 | 12.00 | 339.00 | 351.00 | OK | |
r-patched-linux-x86_64 | 0.2.0 | 7.70 | 204.11 | 211.81 | OK | |
r-release-linux-x86_64 | 0.2.0 | 7.68 | 204.27 | 211.95 | ERROR | |
r-release-macos-arm64 | 0.2.0 | 174.00 | OK | |||
r-release-macos-x86_64 | 0.2.0 | 506.00 | OK | |||
r-release-windows-x86_64 | 0.2.0 | 13.00 | 358.00 | 371.00 | OK | |
r-oldrel-macos-arm64 | 0.2.0 | 176.00 | OK | |||
r-oldrel-macos-x86_64 | 0.2.0 | 396.00 | OK | |||
r-oldrel-windows-x86_64 | 0.2.0 | 13.00 | 451.00 | 464.00 | OK |
Version: 0.2.0
Check: tests
Result: ERROR
Running ‘testthat.R’ [77s/156s]
Running the tests in ‘tests/testthat.R’ failed.
Complete output:
> library(testthat)
> library(NeuroDecodeR)
>
> test_check("NeuroDecodeR")
|
| | 0%
|
|================== | 25%
|
|=================================== | 50%
|
|==================================================== | 75%
|
|======================================================================| 100%
|
| | 0%
|
|=================================== | 50%
|
|======================================================================| 100%
|
| | 0%
|
|=================================== | 50%
|
|======================================================================| 100%[1] "2024-08-28 17:39:31 CEST"
[1] 0.1269841 0.1547619 0.1468254 0.1309524 0.1626984 0.1547619 0.1428571
[8] 0.1349206 0.1468254 0.1428571 0.2817460 0.8333333 0.8214286 0.8214286
[15] 0.7500000 0.6428571 0.6150794 0.7420635
1 Mb
|
| | 0%
|
|=================================== | 50%
|
|======================================================================| 100%[ FAIL 1 | WARN 0 | SKIP 0 | PASS 160 ]
══ Failed tests ════════════════════════════════════════════════════════════════
── Failure ('test-datasources.R:422:3'): generalization_ds classification accuracy seem reasonable ──
dplyr::filter(accuracies, test_time == "stimulus")$mean_accuracy is not strictly more than 0.49. Difference: -0.0376
[ FAIL 1 | WARN 0 | SKIP 0 | PASS 160 ]
Error: Test failures
Execution halted
Flavor: r-release-linux-x86_64