CRAN Package Check Results for Package ODataQuery

Last updated on 2024-03-03 01:53:40 CET.

Flavor Version Tinstall Tcheck Ttotal Status Flags
r-devel-linux-x86_64-debian-clang 0.5.3 3.70 31.77 35.47 OK
r-devel-linux-x86_64-debian-gcc 0.5.3 2.03 24.64 26.67 OK
r-devel-linux-x86_64-fedora-clang 0.5.3 44.50 NOTE
r-devel-linux-x86_64-fedora-gcc 0.5.3 53.34 NOTE
r-devel-windows-x86_64 0.5.3 4.00 51.00 55.00 OK
r-patched-linux-x86_64 0.5.3 3.74 30.83 34.57 OK
r-release-linux-x86_64 0.5.3 3.73 31.16 34.89 OK
r-release-macos-arm64 0.5.3 29.00 OK
r-release-macos-x86_64 0.5.3 37.00 OK
r-release-windows-x86_64 0.5.3 5.00 55.00 60.00 OK
r-oldrel-macos-arm64 0.5.3 21.00 NOTE
r-oldrel-windows-x86_64 0.5.3 4.00 54.00 58.00 OK

Check Details

Version: 0.5.3
Check: dependencies in R code
Result: NOTE Namespace in Imports field not imported from: ‘R6’ All declared Imports should be used. Flavors: r-devel-linux-x86_64-fedora-clang, r-devel-linux-x86_64-fedora-gcc, r-oldrel-macos-arm64