Last updated on 2024-08-16 00:48:27 CEST.
Flavor | Version | Tinstall | Tcheck | Ttotal | Status | Flags |
---|---|---|---|---|---|---|
r-devel-linux-x86_64-debian-clang | 2.0.2 | 10.92 | 95.09 | 106.01 | NOTE | |
r-devel-linux-x86_64-debian-gcc | 2.0.2 | 8.47 | 69.05 | 77.52 | NOTE | |
r-devel-linux-x86_64-fedora-clang | 2.0.2 | 175.43 | OK | |||
r-devel-linux-x86_64-fedora-gcc | 2.0.2 | 173.33 | OK | |||
r-devel-windows-x86_64 | 2.0.2 | 13.00 | 109.00 | 122.00 | NOTE | |
r-patched-linux-x86_64 | 2.0.2 | 15.62 | 91.23 | 106.85 | OK | |
r-release-linux-x86_64 | 2.0.2 | 8.51 | 91.76 | 100.27 | OK | |
r-release-macos-arm64 | 2.0.2 | 49.00 | OK | |||
r-release-macos-x86_64 | 2.0.2 | 86.00 | OK | |||
r-release-windows-x86_64 | 2.0.2 | 14.00 | 111.00 | 125.00 | OK | |
r-oldrel-macos-arm64 | 2.0.2 | 59.00 | OK | |||
r-oldrel-macos-x86_64 | 2.0.2 | 96.00 | OK | |||
r-oldrel-windows-x86_64 | 2.0.2 | 16.00 | 140.00 | 156.00 | OK |
Version: 2.0.2
Check: Rd cross-references
Result: NOTE
Found the following Rd file(s) with Rd \link{} targets missing package
anchors:
OmicsPLS.Rd: softImpute
impute_matrix.Rd: softImpute
Please provide package anchors for all Rd \link{} targets not in the
package itself and the base packages.
Flavors: r-devel-linux-x86_64-debian-clang, r-devel-linux-x86_64-debian-gcc, r-devel-windows-x86_64