Last updated on 2024-08-31 12:49:17 CEST.
Flavor | Version | Tinstall | Tcheck | Ttotal | Status | Flags |
---|---|---|---|---|---|---|
r-devel-linux-x86_64-debian-clang | 2022.1.28 | 13.02 | 32.61 | 45.63 | NOTE | |
r-devel-linux-x86_64-debian-gcc | 2022.1.28 | 12.11 | 24.28 | 36.39 | NOTE | |
r-devel-linux-x86_64-fedora-clang | 2022.1.28 | 71.81 | WARN | |||
r-devel-linux-x86_64-fedora-gcc | 2022.1.28 | 68.23 | WARN | |||
r-devel-windows-x86_64 | 2022.1.28 | 16.00 | 61.00 | 77.00 | NOTE | |
r-patched-linux-x86_64 | 2022.1.28 | 19.47 | 30.91 | 50.38 | OK | |
r-release-linux-x86_64 | 2022.1.28 | 11.07 | 31.08 | 42.15 | OK | |
r-release-macos-arm64 | 2022.1.28 | 33.00 | OK | |||
r-release-macos-x86_64 | 2022.1.28 | 42.00 | OK | |||
r-release-windows-x86_64 | 2022.1.28 | 16.00 | 66.00 | 82.00 | OK | |
r-oldrel-macos-arm64 | 2022.1.28 | 38.00 | OK | |||
r-oldrel-macos-x86_64 | 2022.1.28 | 46.00 | OK | |||
r-oldrel-windows-x86_64 | 2022.1.28 | 19.00 | 66.00 | 85.00 | OK |
Version: 2022.1.28
Check: Rd cross-references
Result: NOTE
Found the following Rd file(s) with Rd \link{} targets missing package
anchors:
clean_taxon_info_children.Rd: taxonomy_taxon_info
Please provide package anchors for all Rd \link{} targets not in the
package itself and the base packages.
Flavors: r-devel-linux-x86_64-debian-clang, r-devel-linux-x86_64-debian-gcc, r-devel-windows-x86_64
Version: 2022.1.28
Check: package dependencies
Result: WARN
Requires orphaned package: ‘taxize’
Flavors: r-devel-linux-x86_64-fedora-clang, r-devel-linux-x86_64-fedora-gcc
Version: 2022.1.28
Check: data for non-ASCII characters
Result: NOTE
Note: found 167 marked UTF-8 strings
Flavors: r-devel-linux-x86_64-fedora-clang, r-devel-linux-x86_64-fedora-gcc