Last updated on 2023-11-29 12:56:57 CET.
Flavor | Version | Tinstall | Tcheck | Ttotal | Status | Flags |
---|---|---|---|---|---|---|
r-devel-linux-x86_64-debian-clang | 1.2.13 | 30.10 | 268.79 | 298.89 | NOTE | |
r-devel-linux-x86_64-debian-gcc | 1.2.13 | 23.93 | 197.01 | 220.94 | NOTE | |
r-devel-linux-x86_64-fedora-clang | 1.2.13 | 363.69 | OK | |||
r-devel-linux-x86_64-fedora-gcc | 1.2.13 | 362.14 | OK | |||
r-devel-windows-x86_64 | 1.2.13 | 27.00 | 209.00 | 236.00 | OK | |
r-patched-linux-x86_64 | 1.2.13 | 32.40 | 252.88 | 285.28 | OK | |
r-release-linux-x86_64 | 1.2.13 | 28.15 | 252.99 | 281.14 | OK | |
r-release-macos-arm64 | 1.2.13 | 103.00 | OK | |||
r-release-macos-x86_64 | 1.2.13 | 160.00 | NOTE | |||
r-release-windows-x86_64 | 1.2.13 | 34.00 | 261.00 | 295.00 | OK | |
r-oldrel-macos-arm64 | 1.2.13 | 88.00 | OK | |||
r-oldrel-macos-x86_64 | 1.2.13 | 117.00 | OK | |||
r-oldrel-windows-x86_64 | 1.2.13 | 37.00 | 234.00 | 271.00 | OK |
Version: 1.2.13
Check: Rd files
Result: NOTE
checkRd: (-1) PCM.Rd:67-68: Lost braces in \itemize; meant \describe ?
checkRd: (-1) PCM.Rd:69-70: Lost braces in \itemize; meant \describe ?
checkRd: (-1) PCM.Rd:71-72: Lost braces in \itemize; meant \describe ?
checkRd: (-1) PCMGenerateModelTypes.Rd:20: Lost braces in \itemize; meant \describe ?
checkRd: (-1) PCMGenerateModelTypes.Rd:21: Lost braces in \itemize; meant \describe ?
checkRd: (-1) PCMOptions.Rd:13-15: Lost braces in \itemize; \value handles \item{}{} directly
checkRd: (-1) PCMOptions.Rd:16-18: Lost braces in \itemize; \value handles \item{}{} directly
checkRd: (-1) PCMOptions.Rd:19: Lost braces
19 | \item{\item{PCMBase.Raise.Lik.Errors} }{Should numerical and other sort of
| ^
checkRd: (-1) PCMOptions.Rd:19-23: Lost braces in \itemize; \value handles \item{}{} directly
checkRd: (-1) PCMOptions.Rd:24-26: Lost braces in \itemize; \value handles \item{}{} directly
checkRd: (-1) PCMOptions.Rd:27-32: Lost braces in \itemize; \value handles \item{}{} directly
checkRd: (-1) PCMOptions.Rd:33-38: Lost braces in \itemize; \value handles \item{}{} directly
checkRd: (-1) PCMOptions.Rd:39-43: Lost braces in \itemize; \value handles \item{}{} directly
checkRd: (-1) PCMOptions.Rd:44-50: Lost braces in \itemize; \value handles \item{}{} directly
checkRd: (-1) PCMOptions.Rd:51-52: Lost braces in \itemize; \value handles \item{}{} directly
checkRd: (-1) PCMOptions.Rd:53: Lost braces in \itemize; \value handles \item{}{} directly
checkRd: (-1) PCMOptions.Rd:54: Lost braces in \itemize; \value handles \item{}{} directly
checkRd: (-1) PCMOptions.Rd:55-56: Lost braces in \itemize; \value handles \item{}{} directly
checkRd: (-1) PCMOptions.Rd:57: Lost braces in \itemize; \value handles \item{}{} directly
checkRd: (-1) PCMOptions.Rd:58: Lost braces in \itemize; \value handles \item{}{} directly
checkRd: (-1) PCMOptions.Rd:59: Lost braces in \itemize; \value handles \item{}{} directly
checkRd: (-1) PCMOptions.Rd:60: Lost braces in \itemize; \value handles \item{}{} directly
checkRd: (-1) PCMOptions.Rd:61: Lost braces in \itemize; \value handles \item{}{} directly
checkRd: (-1) PCMOptions.Rd:62-66: Lost braces in \itemize; \value handles \item{}{} directly
checkRd: (-1) PCMOptions.Rd:67-68: Lost braces in \itemize; \value handles \item{}{} directly
checkRd: (-1) PCMOptions.Rd:69-73: Lost braces in \itemize; \value handles \item{}{} directly
checkRd: (-1) PCMOptions.Rd:74-81: Lost braces in \itemize; \value handles \item{}{} directly
checkRd: (-1) PCMPExpxMeanExp.Rd:5: Lost braces; missing escapes or markup?
5 | \title{Create a function of time that calculates (1-exp(-lambda_{ij}*time))/lambda_{ij}
| ^
checkRd: (-1) PCMPExpxMeanExp.Rd:5: Lost braces; missing escapes or markup?
5 | \title{Create a function of time that calculates (1-exp(-lambda_{ij}*time))/lambda_{ij}
| ^
checkRd: (-1) PCMPExpxMeanExp.Rd:6: Lost braces; missing escapes or markup?
6 | for every element lambda_{ij} of the input matrix Lambda_ij.}
| ^
checkRd: (-1) PCMPExpxMeanExp.Rd:31: Lost braces; missing escapes or markup?
31 | Create a function of time that calculates (1-exp(-lambda_{ij}*time))/lambda_{ij}
| ^
checkRd: (-1) PCMPExpxMeanExp.Rd:31: Lost braces; missing escapes or markup?
31 | Create a function of time that calculates (1-exp(-lambda_{ij}*time))/lambda_{ij}
| ^
checkRd: (-1) PCMPExpxMeanExp.Rd:32: Lost braces; missing escapes or markup?
32 | for every element lambda_{ij} of the input matrix Lambda_ij.
| ^
checkRd: (-1) PCMPExpxMeanExp.Rd:35: Lost braces; missing escapes or markup?
35 | the function (1-exp(-lambda_{ij}*time))/lambda_{ij} corresponds to the product
| ^
checkRd: (-1) PCMPExpxMeanExp.Rd:35: Lost braces; missing escapes or markup?
35 | the function (1-exp(-lambda_{ij}*time))/lambda_{ij} corresponds to the product
| ^
checkRd: (-1) PCMPExpxMeanExp.Rd:36: Lost braces; missing escapes or markup?
36 | of the CDF of an exponential distribution with rate Lambda_{ij} multiplied by its mean value (mean waiting time).
| ^
checkRd: (-1) PCMPExpxMeanExp.Rd:28: Lost braces; missing escapes or markup?
28 | above function or the limit, time, if |Lambda_{ij}|<=trehshold0.
| ^
checkRd: (-1) PCMTrajectory.Rd:59-61: Lost braces in \itemize; \value handles \item{}{} directly
checkRd: (-1) PCMTrajectory.Rd:62-64: Lost braces in \itemize; \value handles \item{}{} directly
checkRd: (-1) PCMTreeDropClade.Rd:38: Lost braces in \itemize; \value handles \item{}{} directly
checkRd: (-1) PCMTreeDropClade.Rd:39: Lost braces in \itemize; \value handles \item{}{} directly
checkRd: (-1) PCMTreeDtNodes.Rd:15: Lost braces in \itemize; \value handles \item{}{} directly
checkRd: (-1) PCMTreeDtNodes.Rd:16: Lost braces in \itemize; \value handles \item{}{} directly
checkRd: (-1) PCMTreeDtNodes.Rd:17: Lost braces in \itemize; \value handles \item{}{} directly
checkRd: (-1) PCMTreeDtNodes.Rd:18: Lost braces in \itemize; \value handles \item{}{} directly
checkRd: (-1) PCMTreeDtNodes.Rd:19-20: Lost braces in \itemize; \value handles \item{}{} directly
checkRd: (-1) PCMTreeDtNodes.Rd:21-22: Lost braces in \itemize; \value handles \item{}{} directly
checkRd: (-1) PCMTreeDtNodes.Rd:23-24: Lost braces in \itemize; \value handles \item{}{} directly
checkRd: (-1) PCMTreeDtNodes.Rd:25-26: Lost braces in \itemize; \value handles \item{}{} directly
checkRd: (-1) PCMTreeExtractClade.Rd:31: Lost braces in \itemize; \value handles \item{}{} directly
checkRd: (-1) PCMTreeExtractClade.Rd:32: Lost braces in \itemize; \value handles \item{}{} directly
checkRd: (-1) PCMTreeSplitAtNode.Rd:28: Lost braces in \itemize; \value handles \item{}{} directly
checkRd: (-1) PCMTreeSplitAtNode.Rd:29: Lost braces in \itemize; \value handles \item{}{} directly
checkRd: (-1) PCMTreeSplitAtNode.Rd:30: Lost braces in \itemize; \value handles \item{}{} directly
checkRd: (-1) PCMTreeSplitAtNode.Rd:31: Lost braces in \itemize; \value handles \item{}{} directly
Flavors: r-devel-linux-x86_64-debian-clang, r-devel-linux-x86_64-debian-gcc
Version: 1.2.13
Check: package dependencies
Result: NOTE
Package suggested but not available for checking: ‘mvSLOUCH’
Flavor: r-release-macos-x86_64