CRAN Package Check Results for Package PCRA

Last updated on 2024-03-03 13:54:22 CET.

Flavor Version Tinstall Tcheck Ttotal Status Flags
r-devel-linux-x86_64-debian-clang 1.2 19.33 64.58 83.91 NOTE
r-devel-linux-x86_64-debian-gcc 1.2 14.75 48.30 63.05 NOTE
r-devel-linux-x86_64-fedora-clang 1.2 104.56 NOTE
r-devel-linux-x86_64-fedora-gcc 1.2 116.48 NOTE
r-devel-windows-x86_64 1.2 19.00 77.00 96.00 OK
r-patched-linux-x86_64 1.2 19.53 60.61 80.14 OK
r-release-linux-x86_64 1.2 14.93 61.32 76.25 OK
r-release-macos-arm64 1.2 46.00 OK
r-release-macos-x86_64 1.2 82.00 OK
r-release-windows-x86_64 1.2 22.00 91.00 113.00 OK
r-oldrel-macos-arm64 1.2 42.00 OK
r-oldrel-windows-x86_64 1.2 22.00 91.00 113.00 OK

Check Details

Version: 1.2
Check: Rd files
Result: NOTE checkRd: (-1) getPCRAData.Rd:28: Lost braces in \itemize; meant \describe ? checkRd: (-1) getPCRAData.Rd:29: Lost braces in \itemize; meant \describe ? Flavors: r-devel-linux-x86_64-debian-clang, r-devel-linux-x86_64-debian-gcc, r-devel-linux-x86_64-fedora-clang, r-devel-linux-x86_64-fedora-gcc