Last updated on 2023-11-28 12:51:55 CET.
Flavor | Version | Tinstall | Tcheck | Ttotal | Status | Flags |
---|---|---|---|---|---|---|
r-devel-linux-x86_64-debian-clang | 1.3.8 | 18.31 | 239.42 | 257.73 | OK | |
r-devel-linux-x86_64-debian-gcc | 1.3.8 | 13.56 | 175.61 | 189.17 | OK | |
r-devel-linux-x86_64-fedora-clang | 1.3.8 | 337.97 | NOTE | |||
r-devel-linux-x86_64-fedora-gcc | 1.3.8 | 313.51 | NOTE | |||
r-devel-windows-x86_64 | 1.3.8 | 17.00 | 193.00 | 210.00 | NOTE | |
r-patched-linux-x86_64 | 1.3.8 | 24.26 | 227.02 | 251.28 | OK | |
r-release-linux-x86_64 | 1.3.8 | 13.67 | 225.96 | 239.63 | OK | |
r-release-macos-arm64 | 1.3.8 | 82.00 | NOTE | |||
r-release-macos-x86_64 | 1.3.8 | 142.00 | NOTE | |||
r-release-windows-x86_64 | 1.3.8 | 21.00 | 237.00 | 258.00 | NOTE | |
r-oldrel-macos-arm64 | 1.3.8 | 92.00 | NOTE | |||
r-oldrel-macos-x86_64 | 1.3.6 | 113.00 | OK | |||
r-oldrel-windows-x86_64 | 1.3.8 | 21.00 | 248.00 | 269.00 | NOTE |
Version: 1.3.8
Check: installed package size
Result: NOTE
installed size is 6.3Mb
sub-directories of 1Mb or more:
doc 5.6Mb
Flavors: r-devel-linux-x86_64-fedora-clang, r-devel-windows-x86_64, r-release-macos-arm64, r-release-macos-x86_64, r-release-windows-x86_64, r-oldrel-macos-arm64, r-oldrel-windows-x86_64
Version: 1.3.8
Check: data for non-ASCII characters
Result: NOTE
Note: found 4 marked UTF-8 strings
Flavors: r-devel-linux-x86_64-fedora-clang, r-devel-linux-x86_64-fedora-gcc