Last updated on 2024-08-31 12:49:19 CEST.
Flavor | Version | Tinstall | Tcheck | Ttotal | Status | Flags |
---|---|---|---|---|---|---|
r-devel-linux-x86_64-debian-clang | 0.2.4 | 4.58 | 64.50 | 69.08 | OK | |
r-devel-linux-x86_64-debian-gcc | 0.2.4 | 3.31 | 42.95 | 46.26 | OK | |
r-devel-linux-x86_64-fedora-clang | 0.2.4 | 113.48 | NOTE | |||
r-devel-linux-x86_64-fedora-gcc | 0.2.4 | 121.13 | OK | |||
r-devel-windows-x86_64 | 0.2.4 | 6.00 | 88.00 | 94.00 | OK | |
r-patched-linux-x86_64 | 0.2.4 | 5.56 | 61.22 | 66.78 | OK | |
r-release-linux-x86_64 | 0.2.4 | 4.51 | 60.95 | 65.46 | OK | |
r-release-macos-arm64 | 0.2.4 | 44.00 | OK | |||
r-release-macos-x86_64 | 0.2.4 | 97.00 | OK | |||
r-release-windows-x86_64 | 0.2.4 | 7.00 | 98.00 | 105.00 | OK | |
r-oldrel-macos-arm64 | 0.2.4 | 39.00 | OK | |||
r-oldrel-macos-x86_64 | 0.2.4 | 63.00 | OK | |||
r-oldrel-windows-x86_64 | 0.2.4 | 5.00 | 102.00 | 107.00 | OK |
Version: 0.2.4
Check: Rd cross-references
Result: NOTE
Undeclared package ‘entropy’ in Rd xrefs
Flavor: r-devel-linux-x86_64-fedora-clang