Last updated on 2023-11-29 01:49:30 CET.
Flavor | Version | Tinstall | Tcheck | Ttotal | Status | Flags |
---|---|---|---|---|---|---|
r-devel-linux-x86_64-debian-clang | 2018.05.25 | 9.36 | 150.19 | 159.55 | NOTE | |
r-devel-linux-x86_64-debian-gcc | 2018.05.25 | 7.18 | 110.53 | 117.71 | NOTE | |
r-devel-linux-x86_64-fedora-clang | 2018.05.25 | 206.52 | NOTE | |||
r-devel-linux-x86_64-fedora-gcc | 2018.05.25 | 198.62 | NOTE | |||
r-devel-windows-x86_64 | 2018.05.25 | 12.00 | 287.00 | 299.00 | NOTE | |
r-patched-linux-x86_64 | 2018.05.25 | 6.50 | 150.31 | 156.81 | NOTE | |
r-release-linux-x86_64 | 2018.05.25 | 6.29 | 148.69 | 154.98 | NOTE | |
r-release-macos-arm64 | 2018.05.25 | 58.00 | NOTE | |||
r-release-macos-x86_64 | 2018.05.25 | 89.00 | NOTE | |||
r-release-windows-x86_64 | 2018.05.25 | 15.00 | 234.00 | 249.00 | NOTE | |
r-oldrel-macos-arm64 | 2018.05.25 | 52.00 | OK | |||
r-oldrel-macos-x86_64 | 2018.05.25 | 100.00 | OK | |||
r-oldrel-windows-x86_64 | 2018.05.25 | 15.00 | 237.00 | 252.00 | OK |
Version: 2018.05.25
Check: C++ specification
Result: NOTE
Specified C++11: please drop specification unless essential
Flavors: r-devel-linux-x86_64-debian-clang, r-devel-linux-x86_64-debian-gcc, r-devel-linux-x86_64-fedora-clang, r-devel-linux-x86_64-fedora-gcc, r-devel-windows-x86_64, r-patched-linux-x86_64, r-release-linux-x86_64, r-release-macos-arm64, r-release-macos-x86_64, r-release-windows-x86_64
Version: 2018.05.25
Check: Rd files
Result: NOTE
checkRd: (-1) PeakSegFPOP.Rd:12: Lost braces; missing escapes or markup?
12 | {-1,0,1} which minimize the penalized Poisson Loss,
| ^
checkRd: (-1) PeakSegFPOP.Rd:13: Lost braces; missing escapes or markup?
13 | penalty*sum_{i=1}^{N_1} I(c_i=1) + sum_{i=1}^N
| ^
checkRd: (-1) PeakSegFPOP.Rd:13: Lost braces; missing escapes or markup?
13 | penalty*sum_{i=1}^{N_1} I(c_i=1) + sum_{i=1}^N
| ^
checkRd: (-1) PeakSegFPOP.Rd:13: Lost braces; missing escapes or markup?
13 | penalty*sum_{i=1}^{N_1} I(c_i=1) + sum_{i=1}^N
| ^
checkRd: (-1) PeakSegFPOP.Rd:15: Lost braces; missing escapes or markup?
15 | change is up and the next change is down, etc (sum_{i=1}^t c_i in
| ^
checkRd: (-1) PeakSegFPOP.Rd:16: Lost braces; missing escapes or markup?
16 | {0,1} for all t<N-1), and (2) the last change is down
| ^
checkRd: (-1) PeakSegFPOP.Rd:17: Lost braces; missing escapes or markup?
17 | 0=sum_{i=1}^{N-1}c_i, and (3) Every zero-valued change-point
| ^
checkRd: (-1) PeakSegFPOP.Rd:17: Lost braces; missing escapes or markup?
17 | 0=sum_{i=1}^{N-1}c_i, and (3) Every zero-valued change-point
| ^
checkRd: (-1) PeakSegFPOP.Rd:19: Lost braces; missing escapes or markup?
19 | m_i=m_{i+1}, (4) every positive-valued change-point variable may
| ^
checkRd: (-1) PeakSegFPOP.Rd:20: Lost braces; missing escapes or markup?
20 | have an up change after: c_i=1 implies m_i<=m_{i+1}, (5) every
| ^
checkRd: (-1) PeakSegFPOP.Rd:22: Lost braces; missing escapes or markup?
22 | after: c_i=-1 implies m_i>=m_{i+1}. Note that when the equality
| ^
checkRd: (-1) PeakSegPDPA.Rd:11: Lost braces; missing escapes or markup?
11 | means) and (N-1)-vector C of change-point indicators in {-1,0,1}
| ^
checkRd: (-1) PeakSegPDPA.Rd:12: Lost braces; missing escapes or markup?
12 | which minimize the Poisson Loss, sum_{i=1}^N
| ^
checkRd: (-1) PeakSegPDPA.Rd:15: Lost braces; missing escapes or markup?
15 | and the next change is down, etc (sum_{i=1}^t c_i in {0,1} for all
| ^
checkRd: (-1) PeakSegPDPA.Rd:15: Lost braces; missing escapes or markup?
15 | and the next change is down, etc (sum_{i=1}^t c_i in {0,1} for all
| ^
checkRd: (-1) PeakSegPDPA.Rd:17: Lost braces; missing escapes or markup?
17 | segment mean after: c_i=0 implies m_i=m_{i+1}, (4) every
| ^
checkRd: (-1) PeakSegPDPA.Rd:19: Lost braces; missing escapes or markup?
19 | c_i=1 implies m_i<=m_{i+1}, (5) every negative-valued change-point
| ^
checkRd: (-1) PeakSegPDPA.Rd:21: Lost braces; missing escapes or markup?
21 | m_i>=m_{i+1}. Note that when the equality constraints are active
| ^
Flavors: r-devel-linux-x86_64-debian-clang, r-devel-linux-x86_64-debian-gcc
Version: 2018.05.25
Check: Rd contents
Result: NOTE
Argument items with no description in Rd file 'PoissonLoss.Rd':
‘count’ ‘seg.mean’ ‘weight’
Argument items with no description in Rd file 'oracleModelComplexity.Rd':
‘bases’ ‘segments’
Flavors: r-devel-linux-x86_64-debian-clang, r-devel-linux-x86_64-debian-gcc, r-devel-linux-x86_64-fedora-clang, r-devel-linux-x86_64-fedora-gcc, r-devel-windows-x86_64