Last updated on 2023-12-06 01:56:12 CET.
Flavor | Version | Tinstall | Tcheck | Ttotal | Status | Flags |
---|---|---|---|---|---|---|
r-devel-linux-x86_64-debian-clang | 0.3.4 | 31.34 | 285.61 | 316.95 | NOTE | |
r-devel-linux-x86_64-debian-gcc | 0.3.4 | 24.15 | 209.66 | 233.81 | NOTE | |
r-devel-linux-x86_64-fedora-clang | 0.3.4 | 396.49 | NOTE | |||
r-devel-linux-x86_64-fedora-gcc | 0.3.4 | 388.67 | NOTE | |||
r-devel-windows-x86_64 | 0.3.4 | 29.00 | 312.00 | 341.00 | NOTE | |
r-patched-linux-x86_64 | 0.3.4 | 22.57 | 268.85 | 291.42 | NOTE | |
r-release-linux-x86_64 | 0.3.4 | 21.82 | 264.39 | 286.21 | NOTE | |
r-release-macos-arm64 | 0.3.4 | 9.00 | ERROR | |||
r-release-macos-x86_64 | 0.3.4 | 195.00 | NOTE | |||
r-release-windows-x86_64 | 0.3.4 | 38.00 | 298.00 | 336.00 | NOTE | |
r-oldrel-macos-arm64 | 0.3.4 | 108.00 | NOTE | |||
r-oldrel-macos-x86_64 | 0.3.4 | 158.00 | NOTE | |||
r-oldrel-windows-x86_64 | 0.3.4 | 37.00 | 285.00 | 322.00 | NOTE |
Version: 0.3.4
Check: C++ specification
Result: NOTE
Specified C++11: please drop specification unless essential
Flavors: r-devel-linux-x86_64-debian-clang, r-devel-linux-x86_64-debian-gcc, r-devel-linux-x86_64-fedora-clang, r-devel-linux-x86_64-fedora-gcc, r-devel-windows-x86_64, r-patched-linux-x86_64, r-release-linux-x86_64, r-release-macos-x86_64, r-release-windows-x86_64
Version: 0.3.4
Check: installed package size
Result: NOTE
installed size is 5.1Mb
sub-directories of 1Mb or more:
doc 1.5Mb
extdata 3.2Mb
Flavors: r-devel-linux-x86_64-fedora-clang, r-devel-windows-x86_64, r-release-macos-x86_64, r-release-windows-x86_64, r-oldrel-macos-arm64, r-oldrel-macos-x86_64, r-oldrel-windows-x86_64
Version: 0.3.4
Check: package dependencies
Result: ERROR
Package required but not available: ‘snpStats’
See section ‘The DESCRIPTION file’ in the ‘Writing R Extensions’
manual.
Flavor: r-release-macos-arm64